Back to Multiple platform build/check report
Package: MLInterfaces |
Version: 1.4.0 |
Command: /home/biocbuild/arch/sparc/R-2.3.0/bin/R CMD check MLInterfaces_1.4.0.tar.gz |
RetCode: 1 |
Time: 9.1 seconds |
Status: ERROR |
CheckDir: MLInterfaces.Rcheck |
Warnings: NA |
* checking for working latex ... OK * using log directory '/loc/biocbuild/1.8d/madman/Rpacks/MLInterfaces.Rcheck' * using Version 2.3.0 (2006-04-24) * checking for file 'MLInterfaces/DESCRIPTION' ... OK * this is package 'MLInterfaces' version '1.4.0' * checking package dependencies ... ERROR Packages required but not available: gbm