Back to Multiple platform build/check report
Package: maDB |
Version: 1.4.0 |
Command: /home/biocbuild/arch/sparc/R-2.3.0/bin/R CMD check maDB_1.4.0.tar.gz |
RetCode: 1 |
Time: 9.1 seconds |
Status: ERROR |
CheckDir: maDB.Rcheck |
Warnings: NA |
* checking for working latex ... OK * using log directory '/loc/biocbuild/1.8d/madman/Rpacks/maDB.Rcheck' * using Version 2.3.0 (2006-04-24) * checking for file 'maDB/DESCRIPTION' ... OK * this is package 'maDB' version '1.4.0' * checking package dependencies ... ERROR Packages required but not available: pgUtils