Back to Multiple platform build/check report
Package: impute |
Version: 1.4.0 |
Command: /home/biocbuild/R-2.3.0/bin/R CMD check impute_1.4.0.tar.gz |
RetCode: 1 |
Time: 7.0 seconds |
Status: ERROR |
CheckDir: impute.Rcheck |
Warnings: NA |
* checking for working latex ... OK * using log directory '/home/biocbuild/1.8d/madman/Rpacks/impute.Rcheck' * using Version 2.3.0 (2006-04-24) * checking for file 'impute/DESCRIPTION' ... OK * this is package 'impute' version '1.4.0' * checking package dependencies ... OK * checking if this is a source package ... OK * checking whether package 'impute' can be installed ... ERROR Installation failed. See '/home/biocbuild/1.8d/madman/Rpacks/impute.Rcheck/00install.out' for details.