Back to Multiple platform build/check report
Package: biomaRt |
Version: 1.6.0 |
Command: D:\biocbld\R-2.3.0\bin\R.exe CMD build biomaRt |
RetCode: 1 |
Time: 163.3 seconds |
Status: ERROR |
PackageFile: None |
* checking for file 'biomaRt/DESCRIPTION' ... OK * preparing 'biomaRt': * checking DESCRIPTION meta-information ... OK * installing the package to re-build vignettes installing R.css in D:/biocbld/work-area/1.8d/tmpdir/Rinst72086395 ---------- Making package biomaRt ------------ adding build stamp to DESCRIPTION installing NAMESPACE file and metadata installing R files save image Loading required package: XML Loading required package: RCurl installing inst files installing man source files installing indices installing help >>> Building/Updating help pages for package 'biomaRt' Formats: text html latex example chm Mart-class text html latex chm exportFASTA text html latex example chm getAffyArrays text html latex example chm getBM text html latex example chm getFeature text html latex example chm getGO text html latex example chm getGene text html latex example chm getHomolog text html latex example chm getINTERPRO text html latex example chm getOMIM text html latex example chm getPossibleXrefs text html latex example chm getSNP text html latex example chm getSequence text html latex example chm getXref text html latex example chm listAttributes text html latex example chm listDatasets text html latex example chm listFilters text html latex example chm listMarts text html latex example chm martConnect text html latex example chm martDisconnect text html latex example chm martTable-class text html latex chm parseAttributes text html latex chm parseFilters text html latex chm useDataset text html latex example chm useMart text html latex example chm Microsoft HTML Help Compiler 4.74.8702 Compiling d:\biocbld\work-area\1.8d\madman\Rpacks\biomaRt\chm\biomaRt.chm Compile time: 0 minutes, 0 seconds 26 Topics 50 Local links 25 Internet links 1 Graphic Created d:\biocbld\work-area\1.8d\madman\Rpacks\biomaRt\chm\biomaRt.chm, 31,451 bytes Compression decreased file by 30,291 bytes. adding MD5 sums * DONE (biomaRt) * creating vignettes ... ERROR Welcome to Bioconductor Vignettes contain introductory material. To view, type 'openVignette()' or start with 'help(Biobase)'. For details on reading vignettes, see the openVignette help page. ====================================================================== Starting package installation... Installation folder: "C:\MiKTex\texmf" Package repository: "ftp://indian.cse.msu.edu/pub/mirrors/CTAN/systems/win32/miktex/tm/packages/" DBlight signature: a53f90815c434890d024ab05efc006f3 Estimating expenditure... downloading: 357469 bytes installing: 28 files (1 packages) downloading "ftp://indian.cse.msu.edu/pub/mirrors/CTAN/systems/win32/miktex/tm/packages/preprint.cab"... 357469 bytes, 545.45 KB/Sec Extracting files from "preprint.cab"... Package installation completed. Creating new map files using the following configuration: prefer outlines: true download standard fonts (dvips): false download standard fonts (pdftex): true download standard fonts (dvipdfm): true Scanning for LW35 support files using map file 'C:\MiKTex\texmf\fonts\map\dvips\tetex\dvips35.map' using map file 'C:\MiKTex\texmf\fonts\map\dvips\tetex\pdftex35.map' using map file 'C:\MiKTex\texmf\fonts\map\dvips\tetex\dvipdfm35.map' using map file 'C:\MiKTex\texmf\fonts\map\dvips\tetex\ps2pk35.map' Scanning for MixedMap entries: not using map file 'allrunes.map' not using map file 'arabtex' using map file 'C:\MiKTex\texmf\dvips\bangtex\bang.map' using map file 'C:\MiKTex\texmf\fonts\map\dvips\tetex\bsr-interpolated.map' using map file 'C:\MiKTex\texmf\dvips\bluesky\bsr.map' not using map file 'cm-super-t1.map' not using map file 'cm-super-t2a.map' not using map file 'cm-super-t2b.map' not using map file 'cm-super-t2c.map' not using map file 'cm-super-ts1.map' not using map file 'cm-super-x2.map' not using map file 'csfonts.map' using map file 'C:\MiKTex\texmf\dvips\dstroke\dstroke.map' using map file 'C:\MiKTex\texmf\fonts\map\dvips\esint\esint.map' using map file 'C:\MiKTex\texmf\dvips\eurosym\eurosym.map' using map file 'C:\MiKTex\texmf\dvips\gothict1\gothict1.map' using map file 'C:\MiKTex\texmf\fonts\map\dvips\hfbright\hfbright.map' using map file 'C:\MiKTex\texmf\dvips\hoekwater\hoekwater.map' using map file 'C:\MiKTex\texmf\fonts\map\dvips\leawood\leawood.map' not using map file 'musix.map' not using map file 'pl.map' not using map file 'skt.map' using map file 'C:\MiKTex\texmf\fonts\map\dvips\tapir\tapir.map' using map file 'C:\MiKTex\texmf\dvips\tipa\tipa.map' using map file 'C:\MiKTex\texmf\fonts\map\dvips\ulsy\ulsy.map' not using map file 'vnr.map' using map file 'C:\MiKTex\texmf\dvips\xypic\xypic.map' Scanning for Map entries: using map file 'C:\MiKTex\texmf\fonts\map\dvips\skaknew\SkakNew.map' using map file 'C:\MiKTex\texmf\dvips\antp\antp.map' not using map file 'antt.map' using map file 'C:\MiKTex\texmf\dvips\ascii\ascii.map' using map file 'C:\MiKTex\texmf\dvips\augie\augie.map' using map file 'C:\MiKTex\texmf\dvips\aurical\aurical.map' using map file 'C:\MiKTex\texmf\fonts\map\dvips\bcr\bcr.map' using map file 'C:\MiKTex\texmf\fonts\map\dvips\bera.map' using map file 'C:\MiKTex\texmf\dvips\arphic\bsmilp.map' using map file 'C:\MiKTex\texmf\fonts\map\dvips\burmese\burmese.map' using map file 'C:\MiKTex\texmf\fonts\map\dvips\psnfss\charter.map' using map file 'C:\MiKTex\texmf\dvips\cheq\cheq.map' using map file 'C:\MiKTex\texmf\fonts\map\dvips\cjhebrew\cjhebrew.map' not using map file 'cmcyr.map' not using map file 'context.map' using map file 'C:\MiKTex\texmf\fonts\map\dvips\dbtt\dbtt.map' using map file 'C:\MiKTex\texmf\fonts\map\dvips\dictsym.map' using map file 'C:\MiKTex\texmf\fonts\map\dvips\epiolmec\epiolmec.map' using map file 'C:\MiKTex\texmf\dvips\esvect\esvect.map' using map file 'C:\MiKTex\texmf\fonts\map\dvips\etruscan\etruscan.map' using map file 'C:\MiKTex\texmf\fonts\map\dvips\euroitc\euroitc.map' using map file 'C:\MiKTex\texmf\fonts\map\dvips\fourier\fourier.map' using map file 'C:\MiKTex\texmf\fonts\map\dvips\psnfss\fpls.map' using map file 'C:\MiKTex\texmf\fonts\map\dvips\runic\fut10.map' using map file 'C:\MiKTex\texmf\dvips\arphic\gbsnlp.map' using map file 'C:\MiKTex\texmf\fonts\map\dvips\greek4cbc\greek4cbc.map' using map file 'C:\MiKTex\texmf\dvips\grverb\grverb.map' using map file 'C:\MiKTex\texmf\fonts\map\dvips\hieroglf\hieroglf.map' using map file 'C:\MiKTex\texmf\fonts\map\dvips\ibycus4\iby.map' not using map file 'kerkis.map' not using map file 'literat.map' using map file 'C:\MiKTex\texmf\fonts\map\dvips\lm\lm.map' using map file 'C:\MiKTex\texmf\dvips\ot2cyr\lscy.map' not using map file 'lucidabr.map' using map file 'C:\MiKTex\texmf\dvips\marvosym\marvosym.map' using map file 'C:\MiKTex\texmf\fonts\map\dvips\obsolete\mathpi.map' using map file 'C:\MiKTex\texmf\fonts\map\dvips\obsolete\mathpple-ext.map' using map file 'C:\MiKTex\texmf\fonts\map\mathdesign\mdbch.map' using map file 'C:\MiKTex\texmf\fonts\map\mathdesign\mdput.map' using map file 'C:\MiKTex\texmf\fonts\map\mathdesign\mdugm.map' using map file 'C:\MiKTex\texmf\dvips\mma\mma.map' using map file 'C:\MiKTex\texmf\dvips\ot2cyr\mntz.map' using map file 'C:\MiKTex\texmf\fonts\map\dvips\belleek\mt-belleek.map' not using map file 'mt-plus.map' not using map file 'mt-yy.map' using map file 'C:\MiKTex\texmf\dvips\psnfss\nnt.map' using map file 'C:\MiKTex\texmf\dvips\thai\norasi.map' not using map file 'omega.map' using map file 'C:\MiKTex\texmf\fonts\map\dvips\psnfss\pazo.map' using map file 'C:\MiKTex\texmf\fonts\map\dvips\brushscr\pbsi.map' using map file 'C:\MiKTex\texmf\dvips\pslatex\pcrr8rn.map' using map file 'C:\MiKTex\texmf\fonts\map\dvips\phaistos\phaistos.map' using map file 'C:\MiKTex\texmf\fonts\map\dvips\phoenician\phoenician.map' using map file 'C:\MiKTex\texmf\fonts\map\dvips\protosem\proto10.map' not using map file 'pxfonts.map' not using map file 'qbk.map' using map file 'C:\MiKTex\texmf\dvips\qxcm\qcmr.map' not using map file 'qcr.map' not using map file 'qhv.map' not using map file 'qpl.map' not using map file 'qtm.map' not using map file 'qzc.map' using map file 'C:\MiKTex\texmf\fonts\map\dvips\sqrcaps\sqrcaps.map' not using map file 'txfonts.map' using map file 'C:\MiKTex\texmf\fonts\map\dvips\urwstd\uag.map' using map file 'C:\MiKTex\texmf\fonts\map\dvips\antiqua\uaq.map' using map file 'C:\MiKTex\texmf\fonts\map\dvips\urwstd\ubk.map' using map file 'C:\MiKTex\texmf\fonts\map\dvips\urwstd\ucr.map' using map file 'C:\MiKTex\texmf\fonts\map\dvips\grotesq\ugq.map' using map file 'C:\MiKTex\texmf\fonts\map\dvips\urwstd\uhv.map' using map file 'C:\MiKTex\texmf\dvips\config\ul9.map' using map file 'C:\MiKTex\texmf\fonts\map\dvips\urwstd\unc.map' using map file 'C:\MiKTex\texmf\fonts\map\dvips\urwstd\upl.map' not using map file 'urwvn.map' using map file 'C:\MiKTex\texmf\fonts\map\dvips\urwstd\usy.map' using map file 'C:\MiKTex\texmf\fonts\map\dvips\urwstd\utm.map' using map file 'C:\MiKTex\texmf\fonts\map\dvips\psnfss\utopia.map' using map file 'C:\MiKTex\texmf\fonts\map\dvips\urwstd\uzc.map' using map file 'C:\MiKTex\texmf\fonts\map\dvips\urwstd\uzd.map' using map file 'C:\MiKTex\texmf\dvips\wadalab\wadalab.map' using map file 'C:\MiKTex\texmf\dvips\wansong\wansong.map' using map file 'C:\MiKTex\texmf\fonts\map\dvips\webomints\webo.map' using map file 'C:\MiKTex\texmf\fonts\map\dvips\eurofont\zpeu.map' error: cannot open `C:\localtexmf\dvips\config\ps2pk.map' ====================================================================== ====================================================================== Starting package installation... Installation folder: "C:\MiKTex\texmf" Package repository: "ftp://indian.cse.msu.edu/pub/mirrors/CTAN/systems/win32/miktex/tm/packages/" DBlight signature: a53f90815c434890d024ab05efc006f3 Estimating expenditure... downloading: 357469 bytes installing: 28 files (1 packages) downloading "ftp://indian.cse.msu.edu/pub/mirrors/CTAN/systems/win32/miktex/tm/packages/preprint.cab"... 357469 bytes, 558.55 KB/Sec Extracting files from "preprint.cab"... Package installation completed. Creating new map files using the following configuration: prefer outlines: true download standard fonts (dvips): false download standard fonts (pdftex): true download standard fonts (dvipdfm): true Scanning for LW35 support files using map file 'C:\MiKTex\texmf\fonts\map\dvips\tetex\dvips35.map' using map file 'C:\MiKTex\texmf\fonts\map\dvips\tetex\pdftex35.map' using map file 'C:\MiKTex\texmf\fonts\map\dvips\tetex\dvipdfm35.map' using map file 'C:\MiKTex\texmf\fonts\map\dvips\tetex\ps2pk35.map' Scanning for MixedMap entries: not using map file 'allrunes.map' not using map file 'arabtex' using map file 'C:\MiKTex\texmf\dvips\bangtex\bang.map' using map file 'C:\MiKTex\texmf\fonts\map\dvips\tetex\bsr-interpolated.map' using map file 'C:\MiKTex\texmf\dvips\bluesky\bsr.map' not using map file 'cm-super-t1.map' not using map file 'cm-super-t2a.map' not using map file 'cm-super-t2b.map' not using map file 'cm-super-t2c.map' not using map file 'cm-super-ts1.map' not using map file 'cm-super-x2.map' not using map file 'csfonts.map' using map file 'C:\MiKTex\texmf\dvips\dstroke\dstroke.map' using map file 'C:\MiKTex\texmf\fonts\map\dvips\esint\esint.map' using map file 'C:\MiKTex\texmf\dvips\eurosym\eurosym.map' using map file 'C:\MiKTex\texmf\dvips\gothict1\gothict1.map' using map file 'C:\MiKTex\texmf\fonts\map\dvips\hfbright\hfbright.map' using map file 'C:\MiKTex\texmf\dvips\hoekwater\hoekwater.map' using map file 'C:\MiKTex\texmf\fonts\map\dvips\leawood\leawood.map' not using map file 'musix.map' not using map file 'pl.map' not using map file 'skt.map' using map file 'C:\MiKTex\texmf\fonts\map\dvips\tapir\tapir.map' using map file 'C:\MiKTex\texmf\dvips\tipa\tipa.map' using map file 'C:\MiKTex\texmf\fonts\map\dvips\ulsy\ulsy.map' not using map file 'vnr.map' using map file 'C:\MiKTex\texmf\dvips\xypic\xypic.map' Scanning for Map entries: using map file 'C:\MiKTex\texmf\fonts\map\dvips\skaknew\SkakNew.map' using map file 'C:\MiKTex\texmf\dvips\antp\antp.map' not using map file 'antt.map' using map file 'C:\MiKTex\texmf\dvips\ascii\ascii.map' using map file 'C:\MiKTex\texmf\dvips\augie\augie.map' using map file 'C:\MiKTex\texmf\dvips\aurical\aurical.map' using map file 'C:\MiKTex\texmf\fonts\map\dvips\bcr\bcr.map' using map file 'C:\MiKTex\texmf\fonts\map\dvips\bera.map' using map file 'C:\MiKTex\texmf\dvips\arphic\bsmilp.map' using map file 'C:\MiKTex\texmf\fonts\map\dvips\burmese\burmese.map' using map file 'C:\MiKTex\texmf\fonts\map\dvips\psnfss\charter.map' using map file 'C:\MiKTex\texmf\dvips\cheq\cheq.map' using map file 'C:\MiKTex\texmf\fonts\map\dvips\cjhebrew\cjhebrew.map' not using map file 'cmcyr.map' not using map file 'context.map' using map file 'C:\MiKTex\texmf\fonts\map\dvips\dbtt\dbtt.map' using map file 'C:\MiKTex\texmf\fonts\map\dvips\dictsym.map' using map file 'C:\MiKTex\texmf\fonts\map\dvips\epiolmec\epiolmec.map' using map file 'C:\MiKTex\texmf\dvips\esvect\esvect.map' using map file 'C:\MiKTex\texmf\fonts\map\dvips\etruscan\etruscan.map' using map file 'C:\MiKTex\texmf\fonts\map\dvips\euroitc\euroitc.map' using map file 'C:\MiKTex\texmf\fonts\map\dvips\fourier\fourier.map' using map file 'C:\MiKTex\texmf\fonts\map\dvips\psnfss\fpls.map' using map file 'C:\MiKTex\texmf\fonts\map\dvips\runic\fut10.map' using map file 'C:\MiKTex\texmf\dvips\arphic\gbsnlp.map' using map file 'C:\MiKTex\texmf\fonts\map\dvips\greek4cbc\greek4cbc.map' using map file 'C:\MiKTex\texmf\dvips\grverb\grverb.map' using map file 'C:\MiKTex\texmf\fonts\map\dvips\hieroglf\hieroglf.map' using map file 'C:\MiKTex\texmf\fonts\map\dvips\ibycus4\iby.map' not using map file 'kerkis.map' not using map file 'literat.map' using map file 'C:\MiKTex\texmf\fonts\map\dvips\lm\lm.map' using map file 'C:\MiKTex\texmf\dvips\ot2cyr\lscy.map' not using map file 'lucidabr.map' using map file 'C:\MiKTex\texmf\dvips\marvosym\marvosym.map' using map file 'C:\MiKTex\texmf\fonts\map\dvips\obsolete\mathpi.map' using map file 'C:\MiKTex\texmf\fonts\map\dvips\obsolete\mathpple-ext.map' using map file 'C:\MiKTex\texmf\fonts\map\mathdesign\mdbch.map' using map file 'C:\MiKTex\texmf\fonts\map\mathdesign\mdput.map' using map file 'C:\MiKTex\texmf\fonts\map\mathdesign\mdugm.map' using map file 'C:\MiKTex\texmf\dvips\mma\mma.map' using map file 'C:\MiKTex\texmf\dvips\ot2cyr\mntz.map' using map file 'C:\MiKTex\texmf\fonts\map\dvips\belleek\mt-belleek.map' not using map file 'mt-plus.map' not using map file 'mt-yy.map' using map file 'C:\MiKTex\texmf\dvips\psnfss\nnt.map' using map file 'C:\MiKTex\texmf\dvips\thai\norasi.map' not using map file 'omega.map' using map file 'C:\MiKTex\texmf\fonts\map\dvips\psnfss\pazo.map' using map file 'C:\MiKTex\texmf\fonts\map\dvips\brushscr\pbsi.map' using map file 'C:\MiKTex\texmf\dvips\pslatex\pcrr8rn.map' using map file 'C:\MiKTex\texmf\fonts\map\dvips\phaistos\phaistos.map' using map file 'C:\MiKTex\texmf\fonts\map\dvips\phoenician\phoenician.map' using map file 'C:\MiKTex\texmf\fonts\map\dvips\protosem\proto10.map' not using map file 'pxfonts.map' not using map file 'qbk.map' using map file 'C:\MiKTex\texmf\dvips\qxcm\qcmr.map' not using map file 'qcr.map' not using map file 'qhv.map' not using map file 'qpl.map' not using map file 'qtm.map' not using map file 'qzc.map' using map file 'C:\MiKTex\texmf\fonts\map\dvips\sqrcaps\sqrcaps.map' not using map file 'txfonts.map' using map file 'C:\MiKTex\texmf\fonts\map\dvips\urwstd\uag.map' using map file 'C:\MiKTex\texmf\fonts\map\dvips\antiqua\uaq.map' using map file 'C:\MiKTex\texmf\fonts\map\dvips\urwstd\ubk.map' using map file 'C:\MiKTex\texmf\fonts\map\dvips\urwstd\ucr.map' using map file 'C:\MiKTex\texmf\fonts\map\dvips\grotesq\ugq.map' using map file 'C:\MiKTex\texmf\fonts\map\dvips\urwstd\uhv.map' using map file 'C:\MiKTex\texmf\dvips\config\ul9.map' using map file 'C:\MiKTex\texmf\fonts\map\dvips\urwstd\unc.map' using map file 'C:\MiKTex\texmf\fonts\map\dvips\urwstd\upl.map' not using map file 'urwvn.map' using map file 'C:\MiKTex\texmf\fonts\map\dvips\urwstd\usy.map' using map file 'C:\MiKTex\texmf\fonts\map\dvips\urwstd\utm.map' using map file 'C:\MiKTex\texmf\fonts\map\dvips\psnfss\utopia.map' using map file 'C:\MiKTex\texmf\fonts\map\dvips\urwstd\uzc.map' using map file 'C:\MiKTex\texmf\fonts\map\dvips\urwstd\uzd.map' using map file 'C:\MiKTex\texmf\dvips\wadalab\wadalab.map' using map file 'C:\MiKTex\texmf\dvips\wansong\wansong.map' using map file 'C:\MiKTex\texmf\fonts\map\dvips\webomints\webo.map' using map file 'C:\MiKTex\texmf\fonts\map\dvips\eurofont\zpeu.map' error: cannot open `C:\localtexmf\dvips\config\ps2pk.map' ====================================================================== ====================================================================== Starting package installation... Installation folder: "C:\MiKTex\texmf" Package repository: "ftp://indian.cse.msu.edu/pub/mirrors/CTAN/systems/win32/miktex/tm/packages/" DBlight signature: a53f90815c434890d024ab05efc006f3 Estimating expenditure... downloading: 357469 bytes installing: 28 files (1 packages) downloading "ftp://indian.cse.msu.edu/pub/mirrors/CTAN/systems/win32/miktex/tm/packages/preprint.cab"... 357469 bytes, 251.14 KB/Sec Extracting files from "preprint.cab"... Package installation completed. Creating new map files using the following configuration: prefer outlines: true download standard fonts (dvips): false download standard fonts (pdftex): true download standard fonts (dvipdfm): true Scanning for LW35 support files using map file 'C:\MiKTex\texmf\fonts\map\dvips\tetex\dvips35.map' using map file 'C:\MiKTex\texmf\fonts\map\dvips\tetex\pdftex35.map' using map file 'C:\MiKTex\texmf\fonts\map\dvips\tetex\dvipdfm35.map' using map file 'C:\MiKTex\texmf\fonts\map\dvips\tetex\ps2pk35.map' Scanning for MixedMap entries: not using map file 'allrunes.map' not using map file 'arabtex' using map file 'C:\MiKTex\texmf\dvips\bangtex\bang.map' using map file 'C:\MiKTex\texmf\fonts\map\dvips\tetex\bsr-interpolated.map' using map file 'C:\MiKTex\texmf\dvips\bluesky\bsr.map' not using map file 'cm-super-t1.map' not using map file 'cm-super-t2a.map' not using map file 'cm-super-t2b.map' not using map file 'cm-super-t2c.map' not using map file 'cm-super-ts1.map' not using map file 'cm-super-x2.map' not using map file 'csfonts.map' using map file 'C:\MiKTex\texmf\dvips\dstroke\dstroke.map' using map file 'C:\MiKTex\texmf\fonts\map\dvips\esint\esint.map' using map file 'C:\MiKTex\texmf\dvips\eurosym\eurosym.map' using map file 'C:\MiKTex\texmf\dvips\gothict1\gothict1.map' using map file 'C:\MiKTex\texmf\fonts\map\dvips\hfbright\hfbright.map' using map file 'C:\MiKTex\texmf\dvips\hoekwater\hoekwater.map' using map file 'C:\MiKTex\texmf\fonts\map\dvips\leawood\leawood.map' not using map file 'musix.map' not using map file 'pl.map' not using map file 'skt.map' using map file 'C:\MiKTex\texmf\fonts\map\dvips\tapir\tapir.map' using map file 'C:\MiKTex\texmf\dvips\tipa\tipa.map' using map file 'C:\MiKTex\texmf\fonts\map\dvips\ulsy\ulsy.map' not using map file 'vnr.map' using map file 'C:\MiKTex\texmf\dvips\xypic\xypic.map' Scanning for Map entries: using map file 'C:\MiKTex\texmf\fonts\map\dvips\skaknew\SkakNew.map' using map file 'C:\MiKTex\texmf\dvips\antp\antp.map' not using map file 'antt.map' using map file 'C:\MiKTex\texmf\dvips\ascii\ascii.map' using map file 'C:\MiKTex\texmf\dvips\augie\augie.map' using map file 'C:\MiKTex\texmf\dvips\aurical\aurical.map' using map file 'C:\MiKTex\texmf\fonts\map\dvips\bcr\bcr.map' using map file 'C:\MiKTex\texmf\fonts\map\dvips\bera.map' using map file 'C:\MiKTex\texmf\dvips\arphic\bsmilp.map' using map file 'C:\MiKTex\texmf\fonts\map\dvips\burmese\burmese.map' using map file 'C:\MiKTex\texmf\fonts\map\dvips\psnfss\charter.map' using map file 'C:\MiKTex\texmf\dvips\cheq\cheq.map' using map file 'C:\MiKTex\texmf\fonts\map\dvips\cjhebrew\cjhebrew.map' not using map file 'cmcyr.map' not using map file 'context.map' using map file 'C:\MiKTex\texmf\fonts\map\dvips\dbtt\dbtt.map' using map file 'C:\MiKTex\texmf\fonts\map\dvips\dictsym.map' using map file 'C:\MiKTex\texmf\fonts\map\dvips\epiolmec\epiolmec.map' using map file 'C:\MiKTex\texmf\dvips\esvect\esvect.map' using map file 'C:\MiKTex\texmf\fonts\map\dvips\etruscan\etruscan.map' using map file 'C:\MiKTex\texmf\fonts\map\dvips\euroitc\euroitc.map' using map file 'C:\MiKTex\texmf\fonts\map\dvips\fourier\fourier.map' using map file 'C:\MiKTex\texmf\fonts\map\dvips\psnfss\fpls.map' using map file 'C:\MiKTex\texmf\fonts\map\dvips\runic\fut10.map' using map file 'C:\MiKTex\texmf\dvips\arphic\gbsnlp.map' using map file 'C:\MiKTex\texmf\fonts\map\dvips\greek4cbc\greek4cbc.map' using map file 'C:\MiKTex\texmf\dvips\grverb\grverb.map' using map file 'C:\MiKTex\texmf\fonts\map\dvips\hieroglf\hieroglf.map' using map file 'C:\MiKTex\texmf\fonts\map\dvips\ibycus4\iby.map' not using map file 'kerkis.map' not using map file 'literat.map' using map file 'C:\MiKTex\texmf\fonts\map\dvips\lm\lm.map' using map file 'C:\MiKTex\texmf\dvips\ot2cyr\lscy.map' not using map file 'lucidabr.map' using map file 'C:\MiKTex\texmf\dvips\marvosym\marvosym.map' using map file 'C:\MiKTex\texmf\fonts\map\dvips\obsolete\mathpi.map' using map file 'C:\MiKTex\texmf\fonts\map\dvips\obsolete\mathpple-ext.map' using map file 'C:\MiKTex\texmf\fonts\map\mathdesign\mdbch.map' using map file 'C:\MiKTex\texmf\fonts\map\mathdesign\mdput.map' using map file 'C:\MiKTex\texmf\fonts\map\mathdesign\mdugm.map' using map file 'C:\MiKTex\texmf\dvips\mma\mma.map' using map file 'C:\MiKTex\texmf\dvips\ot2cyr\mntz.map' using map file 'C:\MiKTex\texmf\fonts\map\dvips\belleek\mt-belleek.map' not using map file 'mt-plus.map' not using map file 'mt-yy.map' using map file 'C:\MiKTex\texmf\dvips\psnfss\nnt.map' using map file 'C:\MiKTex\texmf\dvips\thai\norasi.map' not using map file 'omega.map' using map file 'C:\MiKTex\texmf\fonts\map\dvips\psnfss\pazo.map' using map file 'C:\MiKTex\texmf\fonts\map\dvips\brushscr\pbsi.map' using map file 'C:\MiKTex\texmf\dvips\pslatex\pcrr8rn.map' using map file 'C:\MiKTex\texmf\fonts\map\dvips\phaistos\phaistos.map' using map file 'C:\MiKTex\texmf\fonts\map\dvips\phoenician\phoenician.map' using map file 'C:\MiKTex\texmf\fonts\map\dvips\protosem\proto10.map' not using map file 'pxfonts.map' not using map file 'qbk.map' using map file 'C:\MiKTex\texmf\dvips\qxcm\qcmr.map' not using map file 'qcr.map' not using map file 'qhv.map' not using map file 'qpl.map' not using map file 'qtm.map' not using map file 'qzc.map' using map file 'C:\MiKTex\texmf\fonts\map\dvips\sqrcaps\sqrcaps.map' not using map file 'txfonts.map' using map file 'C:\MiKTex\texmf\fonts\map\dvips\urwstd\uag.map' using map file 'C:\MiKTex\texmf\fonts\map\dvips\antiqua\uaq.map' using map file 'C:\MiKTex\texmf\fonts\map\dvips\urwstd\ubk.map' using map file 'C:\MiKTex\texmf\fonts\map\dvips\urwstd\ucr.map' using map file 'C:\MiKTex\texmf\fonts\map\dvips\grotesq\ugq.map' using map file 'C:\MiKTex\texmf\fonts\map\dvips\urwstd\uhv.map' using map file 'C:\MiKTex\texmf\dvips\config\ul9.map' using map file 'C:\MiKTex\texmf\fonts\map\dvips\urwstd\unc.map' using map file 'C:\MiKTex\texmf\fonts\map\dvips\urwstd\upl.map' not using map file 'urwvn.map' using map file 'C:\MiKTex\texmf\fonts\map\dvips\urwstd\usy.map' using map file 'C:\MiKTex\texmf\fonts\map\dvips\urwstd\utm.map' using map file 'C:\MiKTex\texmf\fonts\map\dvips\psnfss\utopia.map' using map file 'C:\MiKTex\texmf\fonts\map\dvips\urwstd\uzc.map' using map file 'C:\MiKTex\texmf\fonts\map\dvips\urwstd\uzd.map' using map file 'C:\MiKTex\texmf\dvips\wadalab\wadalab.map' using map file 'C:\MiKTex\texmf\dvips\wansong\wansong.map' using map file 'C:\MiKTex\texmf\fonts\map\dvips\webomints\webo.map' using map file 'C:\MiKTex\texmf\fonts\map\dvips\eurofont\zpeu.map' error: cannot open `C:\localtexmf\dvips\config\ps2pk.map' ====================================================================== Error: chunk 7 Error in postForm(paste(mart@host, "?", sep = ""), query = xmlQuery) : couldn't connect to host Error in buildVignettes(dir = ".") : Error: chunk 7 Error in postForm(paste(mart@host, "?", sep = ""), query = xmlQuery) : couldn't connect to host Execution halted