############################################################################## ############################################################################## ### ### Running command: ### ### /home/biocbuild/R/R-4.3.1/bin/R CMD build --keep-empty-dirs --no-resave-data synapter ### ############################################################################## ############################################################################## * checking for file ‘synapter/DESCRIPTION’ ... OK * preparing ‘synapter’: * checking DESCRIPTION meta-information ... OK * installing the package to build vignettes * creating vignettes ... ERROR --- re-building ‘fragmentmatching.Rmd’ using rmarkdown --- finished re-building ‘fragmentmatching.Rmd’ --- re-building ‘synapter.Rmd’ using rmarkdown