##############################################################################
##############################################################################
###
### Running command:
###
###   /home/biocbuild/bbs-3.18-bioc/R/bin/R CMD check --install=check:brgedata.install-out.txt --library=/home/biocbuild/bbs-3.18-bioc/R/site-library --timings brgedata_1.24.0.tar.gz
###
##############################################################################
##############################################################################


* using log directory ‘/home/biocbuild/bbs-3.18-data-experiment/meat/brgedata.Rcheck’
* using R version 4.3.3 (2024-02-29)
* using platform: x86_64-pc-linux-gnu (64-bit)
* R was compiled by
    gcc (Ubuntu 11.4.0-1ubuntu1~22.04) 11.4.0
    GNU Fortran (Ubuntu 11.4.0-1ubuntu1~22.04) 11.4.0
* running under: Ubuntu 22.04.4 LTS
* using session charset: UTF-8
* checking for file ‘brgedata/DESCRIPTION’ ... OK
* this is package ‘brgedata’ version ‘1.24.0’
* package encoding: UTF-8
* checking package namespace information ... OK
* checking package dependencies ... OK
* checking if this is a source package ... OK
* checking if there is a namespace ... OK
* checking for hidden files and directories ... OK
* checking for portable file names ... OK
* checking for sufficient/correct file permissions ... OK
* checking whether package ‘brgedata’ can be installed ... OK
* checking installed package size ... NOTE
  installed size is 638.3Mb
  sub-directories of 1Mb or more:
    data     184.2Mb
    extdata  454.0Mb
* checking package directory ... OK
* checking ‘build’ directory ... OK
* checking DESCRIPTION meta-information ... OK
* checking top-level files ... OK
* checking for left-over files ... OK
* checking index information ... OK
* checking package subdirectories ... OK
* checking R files for non-ASCII characters ... OK
* checking R files for syntax errors ... OK
* checking whether the package can be loaded ... OK
* checking whether the package can be loaded with stated dependencies ... OK
* checking whether the package can be unloaded cleanly ... OK
* checking whether the namespace can be loaded with stated dependencies ... OK
* checking whether the namespace can be unloaded cleanly ... OK
* checking loading without being on the library search path ... OK
* checking dependencies in R code ... OK
* checking S3 generic/method consistency ... OK
* checking replacement functions ... OK
* checking foreign function calls ... OK
* checking R code for possible problems ... OK
* checking Rd files ... OK
* checking Rd metadata ... OK
* checking Rd cross-references ... OK
* checking for missing documentation entries ... OK
* checking for code/documentation mismatches ... OK
* checking Rd \usage sections ... OK
* checking Rd contents ... OK
* checking for unstated dependencies in examples ... OK
* checking contents of ‘data’ directory ... OK
* checking data for non-ASCII characters ... WARNING
  Warning: found non-ASCII strings
  'Average Brominated THM uptake (<b5>g/day)' in object 'brge_expo'
  'Average Chloroform uptake (<b5>g/day)' in object 'brge_expo'
  'Average total THM uptake (<b5>g/day)' in object 'brge_expo'
  'Benzene levels (<b5>g/m3)' in object 'brge_expo'
  'BPA (<b5>g/g creatine)' in object 'brge_expo'
  'Mercury (<b5>g/l)' in object 'brge_expo'
  'NO2 levels (<b5>g/m3)' in object 'brge_expo'
  'PFBS (<b5>g/l)' in object 'brge_expo'
  'PFHxS (<b5>g/l)' in object 'brge_expo'
  'PFOA (<b5>g/l)' in object 'brge_expo'
  '<b5>g/l' in object 'brge_expo'
* checking LazyData ... WARNING
  LazyData DB of 184.2 MB without LazyDataCompression set
  See §1.1.6 of 'Writing R Extensions'
* checking data for ASCII and uncompressed saves ... OK
* checking files in ‘vignettes’ ... OK
* checking examples ... OK
Examples with CPU (user + system) or elapsed time > 5s
             user system elapsed
brge_methy 13.235  1.164  14.399
* checking for unstated dependencies in vignettes ... OK
* checking package vignettes in ‘inst/doc’ ... OK
* checking running R code from vignettes ...
  ‘general_description.Rmd’ using ‘UTF-8’... OK
 OK
* checking re-building of vignette outputs ... OK
* checking PDF version of manual ... OK
* DONE

Status: 2 WARNINGs, 1 NOTE
See
  ‘/home/biocbuild/bbs-3.18-data-experiment/meat/brgedata.Rcheck/00check.log’
for details.