############################################################################## ############################################################################## ### ### Running command: ### ### /Library/Frameworks/R.framework/Resources/bin/R CMD build --keep-empty-dirs --no-resave-data MIRit ### ############################################################################## ############################################################################## * checking for file ‘MIRit/DESCRIPTION’ ... OK * preparing ‘MIRit’: * checking DESCRIPTION meta-information ... OK * cleaning src * installing the package to build vignettes * creating vignettes ... ERROR --- re-building ‘MIRit.Rmd’ using rmarkdown 2024-10-17 04:32:52.088 R[2509:389500411] XType: Using static font registry. Quitting from lines 765-767 [snp_association] (MIRit.Rmd) Error: processing vignette 'MIRit.Rmd' failed with diagnostics: Unable to query any Ensembl site --- failed re-building ‘MIRit.Rmd’ SUMMARY: processing the following file failed: ‘MIRit.Rmd’ Error: Vignette re-building failed. Execution halted