############################################################################## ############################################################################## ### ### Running command: ### ### /Library/Frameworks/R.framework/Resources/bin/R CMD check --install=check:OGRE.install-out.txt --library=/Library/Frameworks/R.framework/Resources/library --no-vignettes --timings OGRE_1.8.0.tar.gz ### ############################################################################## ############################################################################## * using log directory ‘/Users/biocbuild/bbs-3.19-bioc/meat/OGRE.Rcheck’ * using R version 4.4.1 (2024-06-14) * using platform: x86_64-apple-darwin20 * R was compiled by Apple clang version 14.0.0 (clang-1400.0.29.202) GNU Fortran (GCC) 12.2.0 * running under: macOS Monterey 12.7.6 * using session charset: UTF-8 * using option ‘--no-vignettes’ * checking for file ‘OGRE/DESCRIPTION’ ... OK * checking extension type ... Package * this is package ‘OGRE’ version ‘1.8.0’ * package encoding: UTF-8 * checking package namespace information ... OK * checking package dependencies ... OK * checking if this is a source package ... OK * checking if there is a namespace ... OK * checking for hidden files and directories ... OK * checking for portable file names ... OK * checking for sufficient/correct file permissions ... OK * checking whether package ‘OGRE’ can be installed ... OK * checking installed package size ... OK * checking package directory ... OK * checking ‘build’ directory ... OK * checking DESCRIPTION meta-information ... OK * checking top-level files ... OK * checking for left-over files ... OK * checking index information ... OK * checking package subdirectories ... OK * checking code files for non-ASCII characters ... OK * checking R files for syntax errors ... OK * checking whether the package can be loaded ... OK * checking whether the package can be loaded with stated dependencies ... OK * checking whether the package can be unloaded cleanly ... OK * checking whether the namespace can be loaded with stated dependencies ... OK * checking whether the namespace can be unloaded cleanly ... OK * checking dependencies in R code ... OK * checking S3 generic/method consistency ... OK * checking replacement functions ... OK * checking foreign function calls ... OK * checking R code for possible problems ... OK * checking Rd files ... OK * checking Rd metadata ... OK * checking Rd cross-references ... OK * checking for missing documentation entries ... OK * checking for code/documentation mismatches ... OK * checking Rd \usage sections ... OK * checking Rd contents ... OK * checking for unstated dependencies in examples ... OK * checking files in ‘vignettes’ ... OK * checking examples ... ERROR Running examples in ‘OGRE-Ex.R’ failed The error most likely occurred in: > base::assign(".ptime", proc.time(), pos = "CheckExEnv") > ### Name: addDataSetFromHub > ### Title: Add dataSet from AnnotationHub > ### Aliases: addDataSetFromHub > > ### ** Examples > > myOGRE <- OGREDataSet() Initializing OGREDataSet... > myOGRE <- addDataSetFromHub(myOGRE,"protCodingGenes","query") loading from cache require("GenomicRanges") Warning: file '87966439ebb3_10684' has magic number 'SQLit' Use of save versions prior to 2 is deprecated Error: failed to load resource name: AH10684 title: Homo_sapiens.GRCh37.75.gtf reason: error in evaluating the argument 'x' in selecting a method for function 'get': bad restore file magic number (file may be corrupted) -- no data loaded Execution halted * checking for unstated dependencies in ‘tests’ ... OK * checking tests ... Running ‘testthat.R’ ERROR Running the tests in ‘tests/testthat.R’ failed. Last 13 lines of output: Backtrace: ▆ 1. └─OGRE::addDataSetFromHub(myOGRE, "protCodingGenes", "query") at test_addDataSetFromHub.R:4:2 2. ├─aH[["AH10684"]] 3. └─aH[["AH10684"]] 4. └─AnnotationHub (local) .local(x, i, j = j, ...) 5. └─AnnotationHub:::.Hub_get1(x[idx], force = force, verbose = verbose) 6. └─base::tryCatch(...) 7. └─base (local) tryCatchList(expr, classes, parentenv, handlers) 8. └─base (local) tryCatchOne(expr, names, parentenv, handlers[[1L]]) 9. └─value[[3L]](cond) [ FAIL 1 | WARN 1 | SKIP 0 | PASS 8 ] Error: Test failures Execution halted * checking for unstated dependencies in vignettes ... OK * checking package vignettes ... OK * checking running R code from vignettes ... SKIPPED * checking re-building of vignette outputs ... SKIPPED * checking PDF version of manual ... OK * DONE Status: 2 ERRORs See ‘/Users/biocbuild/bbs-3.19-bioc/meat/OGRE.Rcheck/00check.log’ for details.