############################################################################## ############################################################################## ### ### Running command: ### ### chmod a+r PROPS -R && E:\biocbuild\bbs-3.19-bioc\R\bin\R.exe CMD build --keep-empty-dirs --no-resave-data PROPS ### ############################################################################## ############################################################################## * checking for file 'PROPS/DESCRIPTION' ... OK * preparing 'PROPS': * checking DESCRIPTION meta-information ... OK * installing the package to process help pages * saving partial Rd database * creating vignettes ... ERROR --- re-building 'props.Rmd' using rmarkdown Quitting from lines 43-45 [unnamed-chunk-6] (props.Rmd) Error: processing vignette 'props.Rmd' failed with diagnostics: 'names' attribute [51] must be the same length as the vector [2] --- failed re-building 'props.Rmd' SUMMARY: processing the following file failed: 'props.Rmd' Error: Vignette re-building failed. Execution halted