############################################################################## ############################################################################## ### ### Running command: ### ### /Library/Frameworks/R.framework/Resources/bin/R CMD check --install=check:funtooNorm.install-out.txt --library=/Library/Frameworks/R.framework/Resources/library --no-vignettes --timings funtooNorm_1.28.0.tar.gz ### ############################################################################## ############################################################################## * using log directory ‘/Users/biocbuild/bbs-3.19-bioc/meat/funtooNorm.Rcheck’ * using R version 4.4.0 (2024-04-24) * using platform: aarch64-apple-darwin20 * R was compiled by Apple clang version 14.0.0 (clang-1400.0.29.202) GNU Fortran (GCC) 12.2.0 * running under: macOS Ventura 13.6.5 * using session charset: UTF-8 * using option ‘--no-vignettes’ * checking for file ‘funtooNorm/DESCRIPTION’ ... OK * checking extension type ... Package * this is package ‘funtooNorm’ version ‘1.28.0’ * checking package namespace information ... OK * checking package dependencies ... OK * checking if this is a source package ... OK * checking if there is a namespace ... OK * checking for hidden files and directories ... OK * checking for portable file names ... OK * checking for sufficient/correct file permissions ... OK * checking whether package ‘funtooNorm’ can be installed ... OK * checking installed package size ... OK * checking package directory ... OK * checking DESCRIPTION meta-information ... OK * checking top-level files ... OK * checking for left-over files ... OK * checking index information ... OK * checking package subdirectories ... OK * checking code files for non-ASCII characters ... OK * checking R files for syntax errors ... OK * checking whether the package can be loaded ... OK * checking whether the package can be loaded with stated dependencies ... OK * checking whether the package can be unloaded cleanly ... OK * checking whether the namespace can be loaded with stated dependencies ... OK * checking whether the namespace can be unloaded cleanly ... OK * checking dependencies in R code ... OK * checking S3 generic/method consistency ... OK * checking replacement functions ... OK * checking foreign function calls ... OK * checking R code for possible problems ... OK * checking Rd files ... NOTE checkRd: (-1) fromRGChannelSet.Rd:5: Lost braces; missing escapes or markup? 5 | \title{Creates an object of class SampleSet from a RGChannelSet {minfi}} | ^ * checking Rd metadata ... OK * checking Rd cross-references ... OK * checking for missing documentation entries ... OK * checking for code/documentation mismatches ... OK * checking Rd \usage sections ... WARNING Documented arguments not in \usage in Rd file 'show-SampleSet-method.Rd': ‘...’ Functions with \usage entries need to have the appropriate \alias entries, and all their arguments documented. The \usage entries must correspond to syntactically valid R code. See chapter ‘Writing R documentation files’ in the ‘Writing R Extensions’ manual. * checking Rd contents ... OK * checking for unstated dependencies in examples ... OK * checking R/sysdata.rda ... OK * checking files in ‘vignettes’ ... WARNING Files in the 'vignettes' directory but no files in 'inst/doc': ‘MyEndnoteLibrary.bib’ ‘funtooNorm.Rmd’ ‘funtooNorm.pdf’ ‘validationcurvesPCRlow.jpg’ Files named as vignettes but with no recognized vignette engine: ‘vignettes/funtooNorm.Rmd’ (Is a VignetteBuilder field missing?) * checking examples ... OK Examples with CPU (user + system) or elapsed time > 5s user system elapsed getNormBeta 35.043 0.956 46.532 funtooNorm 34.044 0.866 45.660 getNormM 29.629 0.808 41.993 getSnpM 28.432 0.764 40.825 plotValidationGraph 24.441 0.770 34.278 fromRGChannelSet 19.137 0.489 24.719 getRawBeta 9.508 0.335 12.952 getGRanges 9.450 0.318 12.960 show-SampleSet-method 6.633 0.265 8.858 * checking package vignettes ... NOTE Package has ‘vignettes’ subdirectory but apparently no vignettes. Perhaps the ‘VignetteBuilder’ information is missing from the DESCRIPTION file? * checking PDF version of manual ... OK * DONE Status: 2 WARNINGs, 2 NOTEs See ‘/Users/biocbuild/bbs-3.19-bioc/meat/funtooNorm.Rcheck/00check.log’ for details.