############################################################################## ############################################################################## ### ### Running command: ### ### chmod a+r methylationArrayAnalysis -R && E:\biocbuild\bbs-3.19-bioc\R\bin\R.exe CMD build --keep-empty-dirs --no-resave-data methylationArrayAnalysis ### ############################################################################## ############################################################################## * checking for file 'methylationArrayAnalysis/DESCRIPTION' ... OK * preparing 'methylationArrayAnalysis': * checking DESCRIPTION meta-information ... OK * installing the package to build vignettes * creating vignettes ... ERROR --- re-building 'methylationArrayAnalysis.Rmd' using rmarkdown Quitting from lines 461-465 [figure10] (methylationArrayAnalysis.Rmd) Error: processing vignette 'methylationArrayAnalysis.Rmd' failed with diagnostics: There doesn't seem to be any chromosome length data available for genome 'hg19' at UCSC or the service is temporarily down. --- failed re-building 'methylationArrayAnalysis.Rmd' SUMMARY: processing the following file failed: 'methylationArrayAnalysis.Rmd' Error: Vignette re-building failed. Execution halted