############################################################################## ############################################################################## ### ### Running command: ### ### /home/biocbuild/R/R/bin/R CMD check --install=check:BioCor.install-out.txt --library=/home/biocbuild/R/R/site-library --no-vignettes --timings BioCor_1.30.0.tar.gz ### ############################################################################## ############################################################################## * using log directory ‘/home/biocbuild/bbs-3.20-bioc/meat/BioCor.Rcheck’ * using R version 4.4.2 (2024-10-31) * using platform: aarch64-unknown-linux-gnu * R was compiled by aarch64-unknown-linux-gnu-gcc (GCC) 14.2.0 GNU Fortran (GCC) 12.3.1 (openEuler 12.3.1-36.oe2403) * running under: openEuler 24.03 (LTS) * using session charset: UTF-8 * using option ‘--no-vignettes’ * checking for file ‘BioCor/DESCRIPTION’ ... OK * this is package ‘BioCor’ version ‘1.30.0’ * package encoding: UTF-8 * checking package namespace information ... OK * checking package dependencies ... OK * checking if this is a source package ... OK * checking if there is a namespace ... OK * checking for hidden files and directories ... OK * checking for portable file names ... OK * checking for sufficient/correct file permissions ... OK * checking whether package ‘BioCor’ can be installed ... OK * checking installed package size ... OK * checking package directory ... OK * checking ‘build’ directory ... OK * checking DESCRIPTION meta-information ... OK * checking top-level files ... OK * checking for left-over files ... OK * checking index information ... OK * checking package subdirectories ... OK * checking code files for non-ASCII characters ... OK * checking R files for syntax errors ... OK * checking whether the package can be loaded ... OK * checking whether the package can be loaded with stated dependencies ... OK * checking whether the package can be unloaded cleanly ... OK * checking whether the namespace can be loaded with stated dependencies ... OK * checking whether the namespace can be unloaded cleanly ... OK * checking loading without being on the library search path ... OK * checking dependencies in R code ... OK * checking S3 generic/method consistency ... OK * checking replacement functions ... OK * checking foreign function calls ... OK * checking R code for possible problems ... OK * checking Rd files ... NOTE checkRd: (-1) mclusterSim.Rd:28: Lost braces 28 | cluster are found they are combined using code{\link{combineScores}}. | ^ * checking Rd metadata ... OK * checking Rd cross-references ... OK * checking for missing documentation entries ... OK * checking for code/documentation mismatches ... OK * checking Rd \usage sections ... OK * checking Rd contents ... OK * checking for unstated dependencies in examples ... OK * checking files in ‘vignettes’ ... OK * checking examples ... ERROR Running examples in ‘BioCor-Ex.R’ failed The error most likely occurred in: > base::assign(".ptime", proc.time(), pos = "CheckExEnv") > ### Name: clusterGeneSim > ### Title: Similarity score between clusters of genes based on genes > ### similarity > ### Aliases: clusterGeneSim > ### clusterGeneSim,character,character,GeneSetCollection-method > > ### ** Examples > > if (require("org.Hs.eg.db")) { + # Extract the paths of all genes of org.Hs.eg.db from KEGG (last update in + # data of June 31st 2011) + genes.kegg <- as.list(org.Hs.egPATH) + clusterGeneSim(c("18", "81", "10"), c("100", "10", "1"), genes.kegg) + clusterGeneSim( + c("18", "81", "10"), c("100", "10", "1"), genes.kegg, + c("avg", "avg") + ) + clusterGeneSim( + c("18", "81", "10"), c("100", "10", "1"), genes.kegg, + c("avg", "rcmax.avg") + ) + (clus <- clusterGeneSim( + c("18", "81", "10"), c("100", "10", "1"), + genes.kegg, "avg" + )) + combineScores(clus, "rcmax.avg") + } else { + warning("You need org.Hs.eg.db package for this example") + } Loading required package: org.Hs.eg.db Loading required package: AnnotationDbi Loading required package: stats4 Loading required package: BiocGenerics Attaching package: ‘BiocGenerics’ The following objects are masked from ‘package:stats’: IQR, mad, sd, var, xtabs The following objects are masked from ‘package:base’: Filter, Find, Map, Position, Reduce, anyDuplicated, aperm, append, as.data.frame, basename, cbind, colnames, dirname, do.call, duplicated, eval, evalq, get, grep, grepl, intersect, is.unsorted, lapply, mapply, match, mget, order, paste, pmax, pmax.int, pmin, pmin.int, rank, rbind, rownames, sapply, saveRDS, setdiff, table, tapply, union, unique, unsplit, which.max, which.min Loading required package: Biobase Welcome to Bioconductor Vignettes contain introductory material; view with 'browseVignettes()'. To cite Bioconductor, see 'citation("Biobase")', and for packages 'citation("pkgname")'. Loading required package: IRanges Loading required package: S4Vectors Attaching package: ‘S4Vectors’ The following object is masked from ‘package:utils’: findMatches The following objects are masked from ‘package:base’: I, expand.grid, unname * checking for unstated dependencies in ‘tests’ ... OK * checking tests ... Running ‘spelling.R’ Running ‘testthat.R’ OK * checking for unstated dependencies in vignettes ... OK * checking package vignettes ... OK * checking running R code from vignettes ... SKIPPED * checking re-building of vignette outputs ... SKIPPED * checking PDF version of manual ... OK * DONE Status: 1 ERROR, 1 NOTE See ‘/home/biocbuild/bbs-3.20-bioc/meat/BioCor.Rcheck/00check.log’ for details.