############################################################################## ############################################################################## ### ### Running command: ### ### /Library/Frameworks/R.framework/Resources/bin/R CMD check --install=check:flagme.install-out.txt --library=/Library/Frameworks/R.framework/Resources/library --no-vignettes --timings flagme_1.62.0.tar.gz ### ############################################################################## ############################################################################## * using log directory ‘/Users/biocbuild/bbs-3.20-bioc/meat/flagme.Rcheck’ * using R version 4.4.2 (2024-10-31) * using platform: aarch64-apple-darwin20 * R was compiled by Apple clang version 14.0.0 (clang-1400.0.29.202) GNU Fortran (GCC) 12.2.0 * running under: macOS Ventura 13.7.1 * using session charset: UTF-8 * using option ‘--no-vignettes’ * checking for file ‘flagme/DESCRIPTION’ ... OK * this is package ‘flagme’ version ‘1.62.0’ * package encoding: UTF-8 * checking package namespace information ... OK * checking package dependencies ... OK * checking if this is a source package ... OK * checking if there is a namespace ... OK * checking for hidden files and directories ... OK * checking for portable file names ... OK * checking for sufficient/correct file permissions ... OK * checking whether package ‘flagme’ can be installed ... OK * used C compiler: ‘Apple clang version 15.0.0 (clang-1500.0.40.1)’ * used SDK: ‘MacOSX11.3.sdk’ * checking installed package size ... OK * checking package directory ... OK * checking ‘build’ directory ... OK * checking DESCRIPTION meta-information ... OK * checking top-level files ... OK * checking for left-over files ... OK * checking index information ... OK * checking package subdirectories ... OK * checking code files for non-ASCII characters ... OK * checking R files for syntax errors ... OK * checking whether the package can be loaded ... OK * checking whether the package can be loaded with stated dependencies ... OK * checking whether the package can be unloaded cleanly ... OK * checking whether the namespace can be loaded with stated dependencies ... OK * checking whether the namespace can be unloaded cleanly ... OK * checking whether startup messages can be suppressed ... OK * checking dependencies in R code ... NOTE Unexported object imported by a ':::' call: ‘xcms:::rectUnique’ See the note in ?`:::` about the use of this operator. * checking S3 generic/method consistency ... OK * checking replacement functions ... OK * checking foreign function calls ... OK * checking R code for possible problems ... NOTE addXCMSPeaks: no visible global function definition for ‘bpparam’ addXCMSPeaks: no visible global function definition for ‘sampnames’ addXCMSPeaks : : : no visible global function definition for ‘setNames’ importSpec : : no visible global function definition for ‘setNames’ Undefined global functions or variables: bpparam sampnames setNames Consider adding importFrom("stats", "setNames") to your NAMESPACE file. * checking Rd files ... OK * checking Rd metadata ... OK * checking Rd cross-references ... WARNING Missing link or links in Rd file 'addXCMSPeaks.Rd': ‘[xcms]{findPeaks-matchedFilter}’ ‘[xcms]{findPeaks-centWave}’ ‘[xcms]{peaksDataset}’ Missing link or links in Rd file 'plotAlignment-peaksAlignment-method.Rd': ‘plotAlignment’ Missing link or links in Rd file 'plotClustAlignment-clusterAlignment-method.Rd': ‘plotAlignment’ See section 'Cross-references' in the 'Writing R Extensions' manual. * checking for missing documentation entries ... WARNING Undocumented code objects: ‘plotAlignment’ ‘plotChrom’ ‘plotClustAlignment’ Undocumented S4 methods: generic 'show' and siglist 'betweenAlignment' All user-level objects in a package (including S4 classes and methods) should have documentation entries. See chapter ‘Writing R documentation files’ in the ‘Writing R Extensions’ manual. * checking for code/documentation mismatches ... OK * checking Rd \usage sections ... OK * checking Rd contents ... OK * checking for unstated dependencies in examples ... OK * checking line endings in C/C++/Fortran sources/headers ... OK * checking compiled code ... NOTE Note: information on .o files is not available * checking sizes of PDF files under ‘inst/doc’ ... OK * checking files in ‘vignettes’ ... OK * checking examples ... OK Examples with CPU (user + system) or elapsed time > 5s user system elapsed plotAlignedFrags 104.216 15.979 65.431 addXCMSPeaks 57.112 7.744 47.134 retFatMatrix 53.278 8.915 43.504 dynRT 53.020 8.134 44.266 plotFrags 52.223 8.449 42.141 corPrt 52.101 8.167 43.037 plotAlignment-peaksAlignment-method 51.520 8.614 41.718 peaksAlignment-class 51.469 8.571 41.957 progressiveAlignment-class 51.433 8.336 41.458 ndpRT 49.732 8.364 40.206 imputePeaks 11.132 0.315 11.488 plotChrom-peaksDataset-method 10.757 0.372 11.137 calcTimeDiffs 8.843 0.340 9.302 gatherInfo 8.171 0.220 8.400 multipleAlignment-class 8.197 0.184 8.442 rmaFitUnit 7.396 0.433 7.832 clusterAlignment 7.605 0.141 7.759 dp 7.309 0.195 7.506 normDotProduct 7.021 0.226 7.254 addAMDISPeaks 6.474 0.117 6.667 plotClustAlignment-clusterAlignment-method 6.037 0.199 6.256 peaksDataset 5.976 0.211 6.188 * checking for unstated dependencies in vignettes ... OK * checking package vignettes ... OK * checking running R code from vignettes ... SKIPPED * checking re-building of vignette outputs ... SKIPPED * checking PDF version of manual ... OK * DONE Status: 2 WARNINGs, 3 NOTEs See ‘/Users/biocbuild/bbs-3.20-bioc/meat/flagme.Rcheck/00check.log’ for details.