############################################################################## ############################################################################## ### ### Running command: ### ### /Library/Frameworks/R.framework/Resources/bin/R CMD check --install=check:flagme.install-out.txt --library=/Library/Frameworks/R.framework/Resources/library --no-vignettes --timings flagme_1.62.0.tar.gz ### ############################################################################## ############################################################################## * using log directory ‘/Users/biocbuild/bbs-3.20-bioc/meat/flagme.Rcheck’ * using R version 4.4.2 (2024-10-31) * using platform: x86_64-apple-darwin20 * R was compiled by Apple clang version 14.0.0 (clang-1400.0.29.202) GNU Fortran (GCC) 12.2.0 * running under: macOS Monterey 12.7.6 * using session charset: UTF-8 * using option ‘--no-vignettes’ * checking for file ‘flagme/DESCRIPTION’ ... OK * this is package ‘flagme’ version ‘1.62.0’ * package encoding: UTF-8 * checking package namespace information ... OK * checking package dependencies ... OK * checking if this is a source package ... OK * checking if there is a namespace ... OK * checking for hidden files and directories ... OK * checking for portable file names ... OK * checking for sufficient/correct file permissions ... OK * checking whether package ‘flagme’ can be installed ... OK * used C compiler: ‘Apple clang version 14.0.0 (clang-1400.0.29.202)’ * used SDK: ‘MacOSX11.3.sdk’ * checking installed package size ... OK * checking package directory ... OK * checking ‘build’ directory ... OK * checking DESCRIPTION meta-information ... OK * checking top-level files ... OK * checking for left-over files ... OK * checking index information ... OK * checking package subdirectories ... OK * checking code files for non-ASCII characters ... OK * checking R files for syntax errors ... OK * checking whether the package can be loaded ... OK * checking whether the package can be loaded with stated dependencies ... OK * checking whether the package can be unloaded cleanly ... OK * checking whether the namespace can be loaded with stated dependencies ... OK * checking whether the namespace can be unloaded cleanly ... OK * checking whether startup messages can be suppressed ... OK * checking dependencies in R code ... NOTE Unexported object imported by a ':::' call: ‘xcms:::rectUnique’ See the note in ?`:::` about the use of this operator. * checking S3 generic/method consistency ... OK * checking replacement functions ... OK * checking foreign function calls ... OK * checking R code for possible problems ... NOTE addXCMSPeaks: no visible global function definition for ‘bpparam’ addXCMSPeaks: no visible global function definition for ‘sampnames’ addXCMSPeaks : : : no visible global function definition for ‘setNames’ importSpec : : no visible global function definition for ‘setNames’ Undefined global functions or variables: bpparam sampnames setNames Consider adding importFrom("stats", "setNames") to your NAMESPACE file. * checking Rd files ... OK * checking Rd metadata ... OK * checking Rd cross-references ... WARNING Missing link or links in Rd file 'addXCMSPeaks.Rd': ‘[xcms]{findPeaks-matchedFilter}’ ‘[xcms]{findPeaks-centWave}’ ‘[xcms]{peaksDataset}’ Missing link or links in Rd file 'plotAlignment-peaksAlignment-method.Rd': ‘plotAlignment’ Missing link or links in Rd file 'plotClustAlignment-clusterAlignment-method.Rd': ‘plotAlignment’ See section 'Cross-references' in the 'Writing R Extensions' manual. * checking for missing documentation entries ... WARNING Undocumented code objects: ‘plotAlignment’ ‘plotChrom’ ‘plotClustAlignment’ Undocumented S4 methods: generic 'show' and siglist 'betweenAlignment' All user-level objects in a package (including S4 classes and methods) should have documentation entries. See chapter ‘Writing R documentation files’ in the ‘Writing R Extensions’ manual. * checking for code/documentation mismatches ... OK * checking Rd \usage sections ... OK * checking Rd contents ... OK * checking for unstated dependencies in examples ... OK * checking line endings in C/C++/Fortran sources/headers ... OK * checking compiled code ... NOTE Note: information on .o files is not available * checking sizes of PDF files under ‘inst/doc’ ... OK * checking files in ‘vignettes’ ... OK * checking examples ... OK Examples with CPU (user + system) or elapsed time > 5s user system elapsed plotAlignedFrags 151.198 34.234 108.718 addXCMSPeaks 82.470 17.449 76.540 dynRT 79.260 17.714 73.240 corPrt 78.905 17.869 73.476 peaksAlignment-class 79.128 17.386 73.828 ndpRT 78.022 17.771 72.695 plotAlignment-peaksAlignment-method 77.338 17.606 72.368 plotFrags 77.304 17.492 71.030 retFatMatrix 74.092 17.480 67.979 progressiveAlignment-class 73.834 17.291 69.443 imputePeaks 17.706 0.338 19.120 plotChrom-peaksDataset-method 16.488 0.398 17.705 calcTimeDiffs 13.437 0.353 14.667 gatherInfo 12.334 0.267 13.342 multipleAlignment-class 12.369 0.225 13.324 rmaFitUnit 12.168 0.367 13.037 normDotProduct 11.598 0.275 12.536 dp 11.425 0.281 12.543 clusterAlignment 11.175 0.219 11.640 plotClustAlignment-clusterAlignment-method 10.316 0.214 11.152 peaksDataset 9.498 0.241 10.265 addAMDISPeaks 8.654 0.325 9.554 addChromaTOFPeaks 6.310 0.251 6.834 plotImage 6.114 0.172 6.477 parseChromaTOF 5.708 0.111 6.262 parseELU 5.190 0.042 5.445 * checking for unstated dependencies in vignettes ... OK * checking package vignettes ... OK * checking running R code from vignettes ... SKIPPED * checking re-building of vignette outputs ... SKIPPED * checking PDF version of manual ... OK * DONE Status: 2 WARNINGs, 3 NOTEs See ‘/Users/biocbuild/bbs-3.20-bioc/meat/flagme.Rcheck/00check.log’ for details.