############################################################################## ############################################################################## ### ### Running command: ### ### /home/biocbuild/R/R/bin/R CMD check --install=check:ontoProc.install-out.txt --library=/home/biocbuild/R/R/site-library --no-vignettes --timings ontoProc_2.0.0.tar.gz ### ############################################################################## ############################################################################## * using log directory ‘/home/biocbuild/bbs-3.20-bioc/meat/ontoProc.Rcheck’ * using R version 4.4.2 (2024-10-31) * using platform: aarch64-unknown-linux-gnu * R was compiled by aarch64-unknown-linux-gnu-gcc (GCC) 14.2.0 GNU Fortran (GCC) 12.3.1 (openEuler 12.3.1-36.oe2403) * running under: openEuler 24.03 (LTS) * using session charset: UTF-8 * using option ‘--no-vignettes’ * checking for file ‘ontoProc/DESCRIPTION’ ... OK * this is package ‘ontoProc’ version ‘2.0.0’ * package encoding: UTF-8 * checking package namespace information ... OK * checking package dependencies ... OK * checking if this is a source package ... OK * checking if there is a namespace ... OK * checking for hidden files and directories ... OK * checking for portable file names ... OK * checking for sufficient/correct file permissions ... OK * checking whether package ‘ontoProc’ can be installed ... OK * checking installed package size ... NOTE installed size is 10.5Mb sub-directories of 1Mb or more: app 1.9Mb data 1.8Mb ontoRda 2.8Mb owl 3.3Mb * checking package directory ... OK * checking ‘build’ directory ... OK * checking DESCRIPTION meta-information ... OK * checking top-level files ... OK * checking for left-over files ... OK * checking index information ... OK * checking package subdirectories ... OK * checking code files for non-ASCII characters ... OK * checking R files for syntax errors ... OK * checking whether the package can be loaded ... OK * checking whether the package can be loaded with stated dependencies ... OK * checking whether the package can be unloaded cleanly ... OK * checking whether the namespace can be loaded with stated dependencies ... OK * checking whether the namespace can be unloaded cleanly ... OK * checking loading without being on the library search path ... OK * checking dependencies in R code ... OK * checking S3 generic/method consistency ... OK * checking replacement functions ... OK * checking foreign function calls ... OK * checking R code for possible problems ... NOTE CLfeat : prupdate: no visible binding for global variable ‘PROSYM’ CLfeat : prupdate: no visible binding for global variable ‘PRID’ CLfeat : prupdate: no visible binding for global variable ‘SYMBOL’ ctmarks : server: no visible binding for global variable ‘text’ ctmarks : server: no visible binding for global variable ‘packDesc2022’ ctmarks : server: no visible binding for global variable ‘packDesc2021’ ctmarks: no visible binding for global variable ‘cumu’ dropStop: no visible binding for global variable ‘stopWords’ getOnto: no visible binding for global variable ‘rdatadateadded’ getOnto: no visible binding for global variable ‘title’ getOnto: no visible binding for global variable ‘description’ ldfToTerm: no visible binding for global variable ‘PROSYM’ sym2CellOnto: no visible binding for global variable ‘PROSYM’ sym2CellOnto: no visible binding for global variable ‘SYMBOL’ Undefined global functions or variables: PRID PROSYM SYMBOL cumu description packDesc2021 packDesc2022 rdatadateadded stopWords text title Consider adding importFrom("graphics", "text", "title") to your NAMESPACE file. * checking Rd files ... OK * checking Rd metadata ... OK * checking Rd cross-references ... OK * checking for missing documentation entries ... OK * checking for code/documentation mismatches ... OK * checking Rd \usage sections ... NOTE S3 methods shown with full name in Rd file 'plot.owlents.Rd': ‘plot.owlents’ The \usage entries for S3 methods should use the \method markup and not their full name. See chapter ‘Writing R documentation files’ in the ‘Writing R Extensions’ manual. * checking Rd contents ... OK * checking for unstated dependencies in examples ... OK * checking contents of ‘data’ directory ... OK * checking data for non-ASCII characters ... NOTE Note: found 162 marked UTF-8 strings * checking data for ASCII and uncompressed saves ... OK * checking files in ‘vignettes’ ... OK * checking examples ... ERROR Running examples in ‘ontoProc-Ex.R’ failed The error most likely occurred in: > base::assign(".ptime", proc.time(), pos = "CheckExEnv") > ### Name: labels.owlents > ### Title: retrieve labels with names > ### Aliases: labels.owlents > > ### ** Examples > > clont_path = owl2cache(url="http://purl.obolibrary.org/obo/cl.owl") Error in curl::curl_fetch_memory(url, handle = handle) : Failure when receiving data from the peer [github.com] Calls: owl2cache ... request_fetch.write_memory -> -> raise_libcurl_error Execution halted * checking for unstated dependencies in ‘tests’ ... OK * checking tests ... Running ‘test.R’ OK * checking for unstated dependencies in vignettes ... OK * checking package vignettes ... OK * checking running R code from vignettes ... SKIPPED * checking re-building of vignette outputs ... SKIPPED * checking PDF version of manual ... OK * DONE Status: 1 ERROR, 4 NOTEs See ‘/home/biocbuild/bbs-3.20-bioc/meat/ontoProc.Rcheck/00check.log’ for details.