############################################################################## ############################################################################## ### ### Running command: ### ### /home/biocbuild/R/R/bin/R CMD build --keep-empty-dirs --no-resave-data CRISPRseek ### ############################################################################## ############################################################################## * checking for file ‘CRISPRseek/DESCRIPTION’ ... OK * preparing ‘CRISPRseek’: * checking DESCRIPTION meta-information ... OK * installing the package to build vignettes * creating vignettes ... ERROR --- re-building ‘CRISPRseek.Rmd’ using rmarkdown Quitting from lines 73-77 [unnamed-chunk-1] (CRISPRseek.Rmd) Error: processing vignette 'CRISPRseek.Rmd' failed with diagnostics: Cannot find the file(s): "../../../../../GitHub/CRISPRseek/inst/extdata/core_functions.png" --- failed re-building ‘CRISPRseek.Rmd’ SUMMARY: processing the following file failed: ‘CRISPRseek.Rmd’ Error: Vignette re-building failed. Execution halted