############################################################################## ############################################################################## ### ### Running command: ### ### /home/biocbuild/R/R/bin/R CMD check --install=check:ClustIRR.install-out.txt --library=/home/biocbuild/R/R/site-library --no-vignettes --timings ClustIRR_1.5.39.tar.gz ### ############################################################################## ############################################################################## * using log directory ‘/home/biocbuild/bbs-3.21-bioc/meat/ClustIRR.Rcheck’ * using R Under development (unstable) (2024-11-24 r87369) * using platform: aarch64-unknown-linux-gnu * R was compiled by aarch64-unknown-linux-gnu-gcc (GCC) 14.2.0 GNU Fortran (GCC) 14.2.0 * running under: openEuler 24.03 (LTS) * using session charset: UTF-8 * using option ‘--no-vignettes’ * checking for file ‘ClustIRR/DESCRIPTION’ ... OK * checking extension type ... Package * this is package ‘ClustIRR’ version ‘1.5.39’ * package encoding: UTF-8 * checking package namespace information ... OK * checking package dependencies ... OK * checking if this is a source package ... OK * checking if there is a namespace ... OK * checking for hidden files and directories ... OK * checking for portable file names ... OK * checking for sufficient/correct file permissions ... OK * checking whether package ‘ClustIRR’ can be installed ... WARNING Found the following significant warnings: /home/biocbuild/R/R-4.5.0-devel_2024-11-24/site-library/RcppEigen/include/Eigen/src/Core/arch/NEON/PacketMath.h:1671:9: warning: ‘void* memcpy(void*, const void*, size_t)’ copying an object of non-trivial type ‘Eigen::internal::Packet4c’ {aka ‘struct Eigen::internal::eigen_packet_wrapper’} from an array of ‘const int8_t’ {aka ‘const signed char’} [-Wclass-memaccess] /home/biocbuild/R/R-4.5.0-devel_2024-11-24/site-library/RcppEigen/include/Eigen/src/Core/arch/NEON/PacketMath.h:1716:9: warning: ‘void* memcpy(void*, const void*, size_t)’ copying an object of non-trivial type ‘Eigen::internal::Packet4c’ {aka ‘struct Eigen::internal::eigen_packet_wrapper’} from an array of ‘const int8_t’ {aka ‘const signed char’} [-Wclass-memaccess] See ‘/home/biocbuild/bbs-3.21-bioc/meat/ClustIRR.Rcheck/00install.out’ for details. * used C++ compiler: ‘aarch64-unknown-linux-gnu-g++ (GCC) 14.2.0’ * checking C++ specification ... OK * checking installed package size ... INFO installed size is 81.7Mb sub-directories of 1Mb or more: data 1.2Mb libs 79.4Mb * checking package directory ... OK * checking ‘build’ directory ... OK * checking DESCRIPTION meta-information ... NOTE Package listed in more than one of Depends, Imports, Suggests, Enhances: ‘ggplot2’ A package should be listed in only one of these fields. * checking top-level files ... OK * checking for left-over files ... OK * checking index information ... OK * checking package subdirectories ... OK * checking code files for non-ASCII characters ... OK * checking R files for syntax errors ... OK * checking whether the package can be loaded ... OK * checking whether the package can be loaded with stated dependencies ... OK * checking whether the package can be unloaded cleanly ... OK * checking whether the namespace can be loaded with stated dependencies ... OK * checking whether the namespace can be unloaded cleanly ... OK * checking loading without being on the library search path ... OK * checking dependencies in R code ... OK * checking S3 generic/method consistency ... OK * checking replacement functions ... OK * checking foreign function calls ... OK * checking R code for possible problems ... NOTE get_ag_summary: no visible binding for global variable ‘community’ get_beta_violins : get_violins: no visible binding for global variable ‘specificity’ get_beta_violins : get_violins: no visible binding for global variable ‘size’ get_beta_violins: no visible binding for global variable ‘community’ get_honeycombs: no visible binding for global variable ‘x_adj’ get_honeycombs: no visible binding for global variable ‘y_adj’ get_honeycombs: no visible binding for global variable ‘..count..’ Undefined global functions or variables: ..count.. community size specificity x_adj y_adj * checking Rd files ... OK * checking Rd metadata ... OK * checking Rd cross-references ... OK * checking for missing documentation entries ... OK * checking for code/documentation mismatches ... OK * checking Rd \usage sections ... OK * checking Rd contents ... OK * checking for unstated dependencies in examples ... OK * checking contents of ‘data’ directory ... OK * checking data for non-ASCII characters ... OK * checking data for ASCII and uncompressed saves ... OK * checking line endings in shell scripts ... OK * checking line endings in C/C++/Fortran sources/headers ... OK * checking line endings in Makefiles ... OK * checking compilation flags in Makevars ... OK * checking for GNU extensions in Makefiles ... INFO GNU make is a SystemRequirements. * checking for portable use of $(BLAS_LIBS) and $(LAPACK_LIBS) ... OK * checking use of PKG_*FLAGS in Makefiles ... OK * checking compiled code ... NOTE Note: information on .o files is not available * checking files in ‘vignettes’ ... OK * checking examples ... OK Examples with CPU (user + system) or elapsed time > 5s user system elapsed dco 193.939 1.059 202.277 get_beta_violins 193.013 0.874 201.020 get_ag_summary 188.205 0.726 196.213 get_honeycombs 6.411 0.066 14.828 detect_communities 5.582 0.239 13.830 get_joint_graph 1.965 0.064 10.471 * checking for unstated dependencies in ‘tests’ ... OK * checking tests ... Running ‘testthat.R’ OK * checking for unstated dependencies in vignettes ... OK * checking package vignettes ... OK * checking running R code from vignettes ... SKIPPED * checking re-building of vignette outputs ... SKIPPED * checking PDF version of manual ... OK * DONE Status: 1 WARNING, 3 NOTEs See ‘/home/biocbuild/bbs-3.21-bioc/meat/ClustIRR.Rcheck/00check.log’ for details.