############################################################################## ############################################################################## ### ### Running command: ### ### /Library/Frameworks/R.framework/Resources/bin/R CMD build --keep-empty-dirs --no-resave-data CopyNumberPlots ### ############################################################################## ############################################################################## * checking for file ‘CopyNumberPlots/DESCRIPTION’ ... OK * preparing ‘CopyNumberPlots’: * checking DESCRIPTION meta-information ... OK * installing the package to build vignettes * creating vignettes ... ERROR --- re-building ‘CopyNumberPlots.Rmd’ using rmarkdown 2025-02-04 15:59:53.016 R[91759:440223839] XType: Using static font registry. Quitting from lines 407-410 [unnamed-chunk-18] (CopyNumberPlots.Rmd) Error: processing vignette 'CopyNumberPlots.Rmd' failed with diagnostics: invalid 'scipen' --- failed re-building ‘CopyNumberPlots.Rmd’ SUMMARY: processing the following file failed: ‘CopyNumberPlots.Rmd’ Error: Vignette re-building failed. Execution halted