############################################################################## ############################################################################## ### ### Running command: ### ### chmod a+r EpiCompare -R && E:\biocbuild\bbs-3.21-bioc\R\bin\R.exe CMD build --keep-empty-dirs --no-resave-data EpiCompare ### ############################################################################## ############################################################################## * checking for file 'EpiCompare/DESCRIPTION' ... OK * preparing 'EpiCompare': * checking DESCRIPTION meta-information ... ERROR Malformed Depends or Suggests or Imports or Enhances field. Offending entries: IRanges (>=2.41.3) Entries must be names of packages optionally followed by '<=' or '>=', white space, and a valid version number in parentheses. See section 'The DESCRIPTION file' in the 'Writing R Extensions' manual.