############################################################################## ############################################################################## ### ### Running command: ### ### /Library/Frameworks/R.framework/Resources/bin/R CMD build --keep-empty-dirs --no-resave-data IPO ### ############################################################################## ############################################################################## * checking for file ‘IPO/DESCRIPTION’ ... OK * preparing ‘IPO’: * checking DESCRIPTION meta-information ... OK * installing the package to build vignettes * creating vignettes ... ERROR --- re-building ‘IPO.Rmd’ using rmarkdown 2025-02-04 17:08:54.818 R[50470:87855959] XType: com.apple.fonts is not accessible. 2025-02-04 17:08:54.820 R[50470:87855959] XType: XTFontStaticRegistry is enabled. Quitting from lines 119-134 [optimize_peak_picking] (IPO.Rmd) Error: processing vignette 'IPO.Rmd' failed with diagnostics: QuartzBitmap_Output - unable to open file '/tmp/Rtmp8vpViG/filec5267689d924' --- failed re-building ‘IPO.Rmd’ SUMMARY: processing the following file failed: ‘IPO.Rmd’ Error: Vignette re-building failed. Execution halted