############################################################################## ############################################################################## ### ### Running command: ### ### /home/biocbuild/R/R/bin/R CMD build --keep-empty-dirs --no-resave-data Statial ### ############################################################################## ############################################################################## * checking for file ‘Statial/DESCRIPTION’ ... OK * preparing ‘Statial’: * checking DESCRIPTION meta-information ... OK * installing the package to build vignettes * creating vignettes ... ERROR --- re-building ‘Statial.Rmd’ using rmarkdown Quitting from lines 52-67 [unnamed-chunk-3] (Statial.Rmd) Error: processing vignette 'Statial.Rmd' failed with diagnostics: there is no package called 'spicyR' --- failed re-building ‘Statial.Rmd’ SUMMARY: processing the following file failed: ‘Statial.Rmd’ Error: Vignette re-building failed. Execution halted