############################################################################## ############################################################################## ### ### Running command: ### ### chmod a+r Statial -R && E:\biocbuild\bbs-3.21-bioc\R\bin\R.exe CMD build --keep-empty-dirs --no-resave-data Statial ### ############################################################################## ############################################################################## * checking for file 'Statial/DESCRIPTION' ... OK * preparing 'Statial': * checking DESCRIPTION meta-information ... OK * installing the package to build vignettes * creating vignettes ... ERROR --- re-building 'Statial.Rmd' using rmarkdown Quitting from lines 632-637 [unnamed-chunk-28] (Statial.Rmd) Error: processing vignette 'Statial.Rmd' failed with diagnostics: 'x' must be an array of at least two dimensions --- failed re-building 'Statial.Rmd' SUMMARY: processing the following file failed: 'Statial.Rmd' Error: Vignette re-building failed. Execution halted