############################################################################## ############################################################################## ### ### Running command: ### ### /home/biocbuild/R/R/bin/R CMD check --install=check:conumee.install-out.txt --library=/home/biocbuild/R/R/site-library --no-vignettes --timings conumee_1.41.0.tar.gz ### ############################################################################## ############################################################################## * using log directory ‘/home/biocbuild/bbs-3.21-bioc/meat/conumee.Rcheck’ * using R Under development (unstable) (2024-11-24 r87369) * using platform: aarch64-unknown-linux-gnu * R was compiled by aarch64-unknown-linux-gnu-gcc (GCC) 14.2.0 GNU Fortran (GCC) 14.2.0 * running under: openEuler 24.03 (LTS) * using session charset: UTF-8 * using option ‘--no-vignettes’ * checking for file ‘conumee/DESCRIPTION’ ... OK * this is package ‘conumee’ version ‘1.41.0’ * checking package namespace information ... OK * checking package dependencies ... OK * checking if this is a source package ... OK * checking if there is a namespace ... OK * checking for hidden files and directories ... NOTE Found the following hidden files and directories: .BBSoptions These were most likely included in error. See section ‘Package structure’ in the ‘Writing R Extensions’ manual. * checking for portable file names ... OK * checking for sufficient/correct file permissions ... OK * checking whether package ‘conumee’ can be installed ... WARNING Found the following significant warnings: Warning: program compiled against libxml 212 using older 211 See ‘/home/biocbuild/bbs-3.21-bioc/meat/conumee.Rcheck/00install.out’ for details. * checking installed package size ... OK * checking package directory ... OK * checking ‘build’ directory ... OK * checking DESCRIPTION meta-information ... OK * checking top-level files ... OK * checking for left-over files ... OK * checking index information ... OK * checking package subdirectories ... OK * checking code files for non-ASCII characters ... OK * checking R files for syntax errors ... OK * checking whether the package can be loaded ... OK * checking whether the package can be loaded with stated dependencies ... OK * checking whether the package can be unloaded cleanly ... OK * checking whether the namespace can be loaded with stated dependencies ... NOTE Warning: program compiled against libxml 212 using older 211 A namespace must be able to be loaded with just the base namespace loaded: otherwise if the namespace gets loaded by a saved object, the session will be unable to start. Probably some imports need to be declared in the NAMESPACE file. * checking whether the namespace can be unloaded cleanly ... OK * checking loading without being on the library search path ... OK * checking dependencies in R code ... NOTE Warning: program compiled against libxml 212 using older 211 * checking S3 generic/method consistency ... WARNING Warning: program compiled against libxml 212 using older 211 See section ‘Generic functions and methods’ in the ‘Writing R Extensions’ manual. * checking replacement functions ... WARNING Warning: program compiled against libxml 212 using older 211 The argument of a replacement function which corresponds to the right hand side must be named ‘value’. * checking foreign function calls ... NOTE Warning: program compiled against libxml 212 using older 211 See chapter ‘System and foreign language interfaces’ in the ‘Writing R Extensions’ manual. * checking R code for possible problems ... NOTE Warning: program compiled against libxml 212 using older 211 CNV.load,GenomicRatioSet: no visible global function definition for ‘assays’ CNV.load,matrix: no visible binding for global variable ‘anno’ Undefined global functions or variables: anno assays * checking Rd files ... OK * checking Rd metadata ... OK * checking Rd cross-references ... OK * checking for missing documentation entries ... WARNING Warning: program compiled against libxml 212 using older 211 All user-level objects in a package should have documentation entries. See chapter ‘Writing R documentation files’ in the ‘Writing R Extensions’ manual. * checking for code/documentation mismatches ... WARNING Warning: program compiled against libxml 212 using older 211 Warning: program compiled against libxml 212 using older 211 Warning: program compiled against libxml 212 using older 211 * checking Rd \usage sections ... NOTE Warning: program compiled against libxml 212 using older 211 The \usage entries for S3 methods should use the \method markup and not their full name. See chapter ‘Writing R documentation files’ in the ‘Writing R Extensions’ manual. * checking Rd contents ... OK * checking for unstated dependencies in examples ... OK * checking contents of ‘data’ directory ... OK * checking data for non-ASCII characters ... OK * checking data for ASCII and uncompressed saves ... OK * checking R/sysdata.rda ... OK * checking files in ‘vignettes’ ... OK * checking examples ... OK Examples with CPU (user + system) or elapsed time > 5s user system elapsed CNV.genomeplot 115.416 1.481 117.148 CNV.write 106.706 1.612 108.664 CNV.detailplot 104.749 1.645 106.596 CNV.detailplot_wrap 103.911 1.301 105.415 CNV.analysis-class 101.028 1.951 103.178 CNV.segment 99.444 1.556 106.785 CNV.fit 58.335 0.910 59.372 CNV.detail 50.636 1.349 52.097 CNV.bin 50.957 1.018 52.076 CNV.anno-class 44.720 1.577 46.396 CNV.create_anno 44.264 1.313 45.667 read.450k.url 9.140 1.129 37.258 * checking for unstated dependencies in vignettes ... OK * checking package vignettes ... OK * checking running R code from vignettes ... SKIPPED * checking re-building of vignette outputs ... SKIPPED * checking PDF version of manual ... OK * DONE Status: 5 WARNINGs, 6 NOTEs See ‘/home/biocbuild/bbs-3.21-bioc/meat/conumee.Rcheck/00check.log’ for details.