############################################################################## ############################################################################## ### ### Running command: ### ### /home/biocbuild/R/R/bin/R CMD build --keep-empty-dirs --no-resave-data diffuStats ### ############################################################################## ############################################################################## * checking for file ‘diffuStats/DESCRIPTION’ ... OK * preparing ‘diffuStats’: * checking DESCRIPTION meta-information ... OK * cleaning src * installing the package to build vignettes * creating vignettes ... ERROR --- re-building ‘intro.Rmd’ using rmarkdown *** caught segfault *** address 0x211000002, cause 'memory not mapped' *** caught bus error *** address 0x2731006109, cause 'invalid alignment'