############################################################################## ############################################################################## ### ### Running command: ### ### /home/biocbuild/R/R/bin/R CMD check --install=check:geneXtendeR.install-out.txt --library=/home/biocbuild/R/R/site-library --no-vignettes --timings geneXtendeR_1.33.0.tar.gz ### ############################################################################## ############################################################################## * using log directory ‘/home/biocbuild/bbs-3.21-bioc/meat/geneXtendeR.Rcheck’ * using R Under development (unstable) (2024-11-24 r87369) * using platform: aarch64-unknown-linux-gnu * R was compiled by aarch64-unknown-linux-gnu-gcc (GCC) 14.2.0 GNU Fortran (GCC) 14.2.0 * running under: openEuler 24.03 (LTS) * using session charset: UTF-8 * using option ‘--no-vignettes’ * checking for file ‘geneXtendeR/DESCRIPTION’ ... OK * checking extension type ... Package * this is package ‘geneXtendeR’ version ‘1.33.0’ * package encoding: UTF-8 * checking package namespace information ... OK * checking package dependencies ... OK * checking if this is a source package ... OK * checking if there is a namespace ... OK * checking for hidden files and directories ... OK * checking for portable file names ... OK * checking for sufficient/correct file permissions ... OK * checking whether package ‘geneXtendeR’ can be installed ... WARNING Found the following significant warnings: annotate.c:159:79: warning: format ‘%d’ expects argument of type ‘int’, but argument 2 has type ‘long unsigned int’ [-Wformat=] annotate.c:191:87: warning: format ‘%d’ expects argument of type ‘int’, but argument 2 has type ‘long unsigned int’ [-Wformat=] annotate.c:199:87: warning: format ‘%d’ expects argument of type ‘int’, but argument 2 has type ‘long unsigned int’ [-Wformat=] annotate.c:208:87: warning: format ‘%d’ expects argument of type ‘int’, but argument 2 has type ‘long unsigned int’ [-Wformat=] annotate.c:228:83: warning: format ‘%d’ expects argument of type ‘int’, but argument 2 has type ‘long unsigned int’ [-Wformat=] extract_peaks.c:202:79: warning: format ‘%d’ expects argument of type ‘int’, but argument 2 has type ‘long unsigned int’ [-Wformat=] Warning: program compiled against libxml 212 using older 211 See ‘/home/biocbuild/bbs-3.21-bioc/meat/geneXtendeR.Rcheck/00install.out’ for details. * used C compiler: ‘aarch64-unknown-linux-gnu-gcc (GCC) 14.2.0’ * checking installed package size ... INFO installed size is 11.6Mb sub-directories of 1Mb or more: data 5.8Mb doc 1.9Mb extdata 3.5Mb * checking package directory ... OK * checking DESCRIPTION meta-information ... NOTE Package listed in more than one of Depends, Imports, Suggests, Enhances: ‘rtracklayer’ A package should be listed in only one of these fields. * checking top-level files ... OK * checking for left-over files ... OK * checking index information ... OK * checking package subdirectories ... OK * checking code files for non-ASCII characters ... OK * checking R files for syntax errors ... OK * checking whether the package can be loaded ... OK * checking whether the package can be loaded with stated dependencies ... OK * checking whether the package can be unloaded cleanly ... OK * checking whether the namespace can be loaded with stated dependencies ... NOTE Warning: program compiled against libxml 212 using older 211 A namespace must be able to be loaded with just the base namespace loaded: otherwise if the namespace gets loaded by a saved object, the session will be unable to start. Probably some imports need to be declared in the NAMESPACE file. * checking whether the namespace can be unloaded cleanly ... OK * checking loading without being on the library search path ... OK * checking dependencies in R code ... NOTE Warning: program compiled against libxml 212 using older 211 Namespaces in Imports field not imported from: ‘BiocStyle’ ‘SnowballC’ ‘org.Rn.eg.db’ All declared Imports should be used. * checking S3 generic/method consistency ... WARNING Warning: program compiled against libxml 212 using older 211 See section ‘Generic functions and methods’ in the ‘Writing R Extensions’ manual. * checking replacement functions ... WARNING Warning: program compiled against libxml 212 using older 211 The argument of a replacement function which corresponds to the right hand side must be named ‘value’. * checking foreign function calls ... NOTE Warning: program compiled against libxml 212 using older 211 See chapter ‘System and foreign language interfaces’ in the ‘Writing R Extensions’ manual. * checking R code for possible problems ... NOTE Warning: program compiled against libxml 212 using older 211 .geneXtender: no visible binding for global variable ‘type’ .geneXtender: no visible binding for global variable ‘seqid’ .geneXtender: no visible binding for global variable ‘gene_id’ .geneXtender: no visible binding for global variable ‘gene_name’ annotate_n: no visible binding for global variable ‘..I’ annotate_n: no visible binding for global variable ‘seqid’ diffGO: no visible binding for global variable ‘rat’ gene_annotate: no visible global function definition for ‘.’ gene_annotate: no visible binding for global variable ‘Distance-of-Gene-to-Nearest-Peak’ gene_annotate: no visible global function definition for ‘sd’ gene_annotate: no visible binding for global variable ‘Chromosome’ gene_annotate: no visible binding for global variable ‘Gene-Start’ gene_annotate: no visible binding for global variable ‘Gene-End’ gene_annotate: no visible binding for global variable ‘Gene-ID’ gene_annotate: no visible binding for global variable ‘Gene-Name’ gene_annotate: no visible binding for global variable ‘Peaks-on-Gene-Body’ gene_annotate: no visible binding for global variable ‘Number-of-Peaks-Associated-with-Gene’ gene_lookup: no visible binding for global variable ‘gene_name_id’ gene_lookup: no visible binding for global variable ‘gene_id’ gene_lookup : internal_find: no visible binding for global variable ‘Chromosome’ gene_lookup : internal_find: no visible binding for global variable ‘distance’ gene_lookup : internal_find: no visible global function definition for ‘na.omit’ gene_lookup: no visible binding for global variable ‘..I’ gene_lookup: no visible binding for global variable ‘distance’ makeWordCloud: no visible binding for global variable ‘rat’ meanPeakLength: no visible binding for global variable ‘rat’ peaksInput: no visible binding for global variable ‘chr’ peaksInput: no visible global function definition for ‘na.omit’ peaksMerge: no visible binding for global variable ‘chr’ peaksMerge: no visible binding for global variable ‘g’ peaksMerge: no visible global function definition for ‘.’ plotWordFreq : geneXtender: no visible binding for global variable ‘type’ plotWordFreq : geneXtender: no visible binding for global variable ‘seqid’ plotWordFreq : geneXtender: no visible binding for global variable ‘gene_id’ plotWordFreq : geneXtender: no visible binding for global variable ‘gene_name’ Undefined global functions or variables: . ..I Chromosome Distance-of-Gene-to-Nearest-Peak Gene-End Gene-ID Gene-Name Gene-Start Number-of-Peaks-Associated-with-Gene Peaks-on-Gene-Body chr distance g gene_id gene_name gene_name_id na.omit rat sd seqid type Consider adding importFrom("stats", "na.omit", "sd") to your NAMESPACE file. * checking Rd files ... OK * checking Rd metadata ... OK * checking Rd cross-references ... OK * checking for missing documentation entries ... WARNING Warning: program compiled against libxml 212 using older 211 All user-level objects in a package should have documentation entries. See chapter ‘Writing R documentation files’ in the ‘Writing R Extensions’ manual. * checking for code/documentation mismatches ... WARNING Warning: program compiled against libxml 212 using older 211 Warning: program compiled against libxml 212 using older 211 Warning: program compiled against libxml 212 using older 211 * checking Rd \usage sections ... NOTE Warning: program compiled against libxml 212 using older 211 The \usage entries for S3 methods should use the \method markup and not their full name. See chapter ‘Writing R documentation files’ in the ‘Writing R Extensions’ manual. * checking Rd contents ... OK * checking for unstated dependencies in examples ... OK * checking contents of ‘data’ directory ... OK * checking data for non-ASCII characters ... OK * checking LazyData ... WARNING LazyData DB of 5.8 MB without LazyDataCompression set See §1.1.6 of 'Writing R Extensions' * checking data for ASCII and uncompressed saves ... OK * checking line endings in C/C++/Fortran sources/headers ... OK * checking compiled code ... NOTE Note: information on .o files is not available * checking installed files from ‘inst/doc’ ... OK * checking files in ‘vignettes’ ... NOTE Files named as vignettes but with no recognized vignette engine: ‘vignettes/geneXtendeR.Rnw’ (Is a VignetteBuilder field missing?) * checking examples ... OK Examples with CPU (user + system) or elapsed time > 5s user system elapsed meanPeakLengthPlot 44.811 0.855 143.636 hotspotPlot 25.917 1.556 129.465 annotate 20.421 1.911 34.113 barChart 20.087 0.667 48.922 linePlot 19.312 0.489 209.935 cumlinePlot 18.276 0.463 30.678 makeWordCloud 16.873 0.658 180.413 peakLengthBoxplot 15.214 0.424 40.175 diffGO 14.554 0.733 29.032 plotWordFreq 14.834 0.448 34.773 gene_annotate 14.743 0.458 49.954 makeNetwork 14.533 0.583 83.634 distinct 14.075 0.351 26.358 gene_lookup 12.882 0.878 28.433 meanPeakLength 13.276 0.303 26.814 rat 6.189 0.075 6.276 * checking for unstated dependencies in ‘tests’ ... OK * checking tests ... Running ‘testthat.R’ OK * checking package vignettes ... NOTE Package has ‘vignettes’ subdirectory but apparently no vignettes. Perhaps the ‘VignetteBuilder’ information is missing from the DESCRIPTION file? * checking PDF version of manual ... OK * DONE Status: 6 WARNINGs, 9 NOTEs See ‘/home/biocbuild/bbs-3.21-bioc/meat/geneXtendeR.Rcheck/00check.log’ for details.