############################################################################## ############################################################################## ### ### Running command: ### ### chmod a+r hca -R && E:\biocbuild\bbs-3.21-bioc\R\bin\R.exe CMD build --keep-empty-dirs --no-resave-data hca ### ############################################################################## ############################################################################## * checking for file 'hca/DESCRIPTION' ... OK * preparing 'hca': * checking DESCRIPTION meta-information ... OK * installing the package to build vignettes * creating vignettes ... ERROR --- re-building 'hca_manifest_vignette.Rmd' using rmarkdown Quitting from lines 71-76 [unnamed-chunk-3] (hca_manifest_vignette.Rmd) Error: processing vignette 'hca_manifest_vignette.Rmd' failed with diagnostics: cannot open the connection to 'https://service.azul.data.humancellatlas.org/openapi' --- failed re-building 'hca_manifest_vignette.Rmd' --- re-building 'hca_vignette.Rmd' using rmarkdown Quitting from lines 68-69 [unnamed-chunk-2] (hca_vignette.Rmd) Error: processing vignette 'hca_vignette.Rmd' failed with diagnostics: cannot open the connection to 'https://service.azul.data.humancellatlas.org/openapi' --- failed re-building 'hca_vignette.Rmd' SUMMARY: processing the following files failed: 'hca_manifest_vignette.Rmd' 'hca_vignette.Rmd' Error: Vignette re-building failed. Execution halted