############################################################################## ############################################################################## ### ### Running command: ### ### /Library/Frameworks/R.framework/Resources/bin/R CMD build --keep-empty-dirs --no-resave-data karyoploteR ### ############################################################################## ############################################################################## * checking for file ‘karyoploteR/DESCRIPTION’ ... OK * preparing ‘karyoploteR’: * checking DESCRIPTION meta-information ... OK * installing the package to build vignettes * creating vignettes ... ERROR --- re-building ‘karyoploteR.Rmd’ using rmarkdown 2025-02-03 17:21:44.279 R[14563:432315305] XType: Using static font registry. Quitting from lines 315-320 [unnamed-chunk-21] (karyoploteR.Rmd) Error: processing vignette 'karyoploteR.Rmd' failed with diagnostics: invalid 'scipen' --- failed re-building ‘karyoploteR.Rmd’ SUMMARY: processing the following file failed: ‘karyoploteR.Rmd’ Error: Vignette re-building failed. Execution halted