############################################################################## ############################################################################## ### ### Running command: ### ### /Library/Frameworks/R.framework/Resources/bin/R CMD build --keep-empty-dirs --no-resave-data msqrob2 ### ############################################################################## ############################################################################## * checking for file ‘msqrob2/DESCRIPTION’ ... OK * preparing ‘msqrob2’: * checking DESCRIPTION meta-information ... OK * installing the package to build vignettes * creating vignettes ... ERROR --- re-building ‘cptac.Rmd’ using rmarkdown Quitting from lines 67-82 [unnamed-chunk-1] (cptac.Rmd) Error: processing vignette 'cptac.Rmd' failed with diagnostics: fcol %in% names(x) is not TRUE --- failed re-building ‘cptac.Rmd’ SUMMARY: processing the following file failed: ‘cptac.Rmd’ Error: Vignette re-building failed. Execution halted