############################################################################## ############################################################################## ### ### Running command: ### ### /home/biocbuild/R/R/bin/R CMD check --install=check:snapcount.install-out.txt --library=/home/biocbuild/R/R/site-library --no-vignettes --timings snapcount_1.19.0.tar.gz ### ############################################################################## ############################################################################## * using log directory ‘/home/biocbuild/bbs-3.21-bioc/meat/snapcount.Rcheck’ * using R Under development (unstable) (2024-11-24 r87369) * using platform: aarch64-unknown-linux-gnu * R was compiled by aarch64-unknown-linux-gnu-gcc (GCC) 14.2.0 GNU Fortran (GCC) 14.2.0 * running under: openEuler 24.03 (LTS) * using session charset: UTF-8 * using option ‘--no-vignettes’ * checking for file ‘snapcount/DESCRIPTION’ ... OK * checking extension type ... Package * this is package ‘snapcount’ version ‘1.19.0’ * package encoding: UTF-8 * checking package namespace information ... OK * checking package dependencies ... OK * checking if this is a source package ... OK * checking if there is a namespace ... OK * checking for hidden files and directories ... OK * checking for portable file names ... OK * checking for sufficient/correct file permissions ... OK * checking whether package ‘snapcount’ can be installed ... OK * checking installed package size ... OK * checking package directory ... OK * checking ‘build’ directory ... OK * checking DESCRIPTION meta-information ... NOTE License stub is invalid DCF. * checking top-level files ... OK * checking for left-over files ... OK * checking index information ... OK * checking package subdirectories ... OK * checking code files for non-ASCII characters ... OK * checking R files for syntax errors ... OK * checking whether the package can be loaded ... OK * checking whether the package can be loaded with stated dependencies ... OK * checking whether the package can be unloaded cleanly ... OK * checking whether the namespace can be loaded with stated dependencies ... OK * checking whether the namespace can be unloaded cleanly ... OK * checking loading without being on the library search path ... OK * checking whether startup messages can be suppressed ... OK * checking dependencies in R code ... OK * checking S3 generic/method consistency ... OK * checking replacement functions ... OK * checking foreign function calls ... OK * checking R code for possible problems ... OK * checking Rd files ... OK * checking Rd metadata ... OK * checking Rd cross-references ... OK * checking for missing documentation entries ... OK * checking for code/documentation mismatches ... OK * checking Rd \usage sections ... OK * checking Rd contents ... OK * checking for unstated dependencies in examples ... OK * checking files in ‘vignettes’ ... OK * checking examples ... ERROR Running examples in ‘snapcount-Ex.R’ failed The error most likely occurred in: > base::assign(".ptime", proc.time(), pos = "CheckExEnv") > ### Name: junction_intersection > ### Title: Get the intersection of junctions from 2 or more compilations > ### which are on the same reference > ### Aliases: junction_intersection > > ### ** Examples > > # Using query builder wrappers > sb1 <- QueryBuilder(compilation = "gtex", regions = "chr1:1879786-1879786") > sb1 <- set_coordinate_modifier(sb1, Coordinates$EndIsExactOrWithin) > sb1 <- set_row_filters(sb1, strand == "-") > > sb2 <- QueryBuilder(compilation = "tcga", regions = "chr1:1879786-1879786") > sb2 <- set_coordinate_modifier(sb2, Coordinates$EndIsExactOrWithin) > sb2 <- set_row_filters(sb2, strand == "-") > > junction_intersection(sb1, sb2) Error in curl::curl_fetch_memory(url, handle = handle) : Transferred a partial file [snaptron.cs.jhu.edu]: transfer closed with outstanding read data remaining Calls: junction_intersection ... request_fetch.write_memory -> -> raise_libcurl_error Execution halted Examples with CPU (user + system) or elapsed time > 5s user system elapsed Compilation 2.735 0.323 68.235 junction_inclusion_ratio 0.125 0.031 15.756 * checking for unstated dependencies in ‘tests’ ... OK * checking tests ... Running ‘testthat.R’ OK * checking for unstated dependencies in vignettes ... OK * checking package vignettes ... OK * checking running R code from vignettes ... SKIPPED * checking re-building of vignette outputs ... SKIPPED * checking PDF version of manual ... OK * DONE Status: 1 ERROR, 1 NOTE See ‘/home/biocbuild/bbs-3.21-bioc/meat/snapcount.Rcheck/00check.log’ for details.