############################################################################## ############################################################################## ### ### Running command: ### ### /home/rapidbuild/bbs-3.21-bioc-rapid/R/bin/R CMD build --keep-empty-dirs --no-resave-data rhdf5 ### ############################################################################## ############################################################################## * checking for file ‘rhdf5/DESCRIPTION’ ... OK * preparing ‘rhdf5’: * checking DESCRIPTION meta-information ... OK * cleaning src * running ‘cleanup’ * installing the package to build vignettes * creating vignettes ... ERROR --- re-building ‘practical_tips.Rmd’ using rmarkdown Error: processing vignette 'practical_tips.Rmd' failed with diagnostics: Error writing to connection: No space left on device --- failed re-building ‘practical_tips.Rmd’ --- re-building ‘rhdf5.Rmd’ using rmarkdown Warning in close.connection(con) : Problem closing connection: No space left on device Warning in close.connection(con) : Problem closing connection: No space left on device Failed to query server: Failed to activate service 'org.freedesktop.timedate1': timed out (service_start_timeout=25000ms) --- finished re-building ‘rhdf5.Rmd’ --- re-building ‘rhdf5_cloud_reading.Rmd’ using rmarkdown --- finished re-building ‘rhdf5_cloud_reading.Rmd’ SUMMARY: processing the following file failed: ‘practical_tips.Rmd’ Error: Vignette re-building failed. Execution halted