############################################################################## ############################################################################## ### ### Running command: ### ### /home/biocbuild/bbs-3.21-bioc/R/bin/R CMD build --keep-empty-dirs --no-resave-data benchmarkfdrData2019 ### ############################################################################## ############################################################################## * checking for file ‘benchmarkfdrData2019/DESCRIPTION’ ... OK * preparing ‘benchmarkfdrData2019’: * checking DESCRIPTION meta-information ... OK * installing the package to build vignettes * creating vignettes ... ERROR --- re-building ‘benchmarkfdrData2019.Rmd’ using rmarkdown Quitting from lines 54-62 [load-pkgs] (benchmarkfdrData2019.Rmd) Error: processing vignette 'benchmarkfdrData2019.Rmd' failed with diagnostics: there is no package called 'SummarizedBenchmark' --- failed re-building ‘benchmarkfdrData2019.Rmd’ SUMMARY: processing the following file failed: ‘benchmarkfdrData2019.Rmd’ Error: Vignette re-building failed. Execution halted