############################################################################## ############################################################################## ### ### Running command: ### ### /Library/Frameworks/R.framework/Resources/bin/R CMD build --keep-empty-dirs --no-resave-data BUSpaRse ### ############################################################################## ############################################################################## * checking for file ‘BUSpaRse/DESCRIPTION’ ... OK * preparing ‘BUSpaRse’: * checking DESCRIPTION meta-information ... OK * cleaning src * installing the package to build vignettes * creating vignettes ... ERROR --- re-building ‘sparse-matrix.Rmd’ using rmarkdown 0% 10 20 30 40 50 60 70 80 90 100% [----|----|----|----|----|----|----|----|----|----| **************************************************| 0% 10 20 30 40 50 60 70 80 90 100% [----|----|----|----|----|----|----|----|----|----| **************************************************| 0% 10 20 30 40 50 60 70 80 90 100% [----|----|----|----|----|----|----|----|----|----| **************************************************| 0% 10 20 30 40 50 60 70 80 90 100% [----|----|----|----|----|----|----|----|----|----| **************************************************| 2025-02-09 16:10:20.055 R[93120:126255885] XType: com.apple.fonts is not accessible. 2025-02-09 16:10:20.055 R[93120:126255885] XType: XTFontStaticRegistry is enabled. --- finished re-building ‘sparse-matrix.Rmd’ --- re-building ‘tr2g.Rmd’ using rmarkdown Quitting from lines 38-42 [unnamed-chunk-2] (tr2g.Rmd) Error: processing vignette 'tr2g.Rmd' failed with diagnostics: biomaRt error: looks like we're connecting to incompatible version of BioMart. --- failed re-building ‘tr2g.Rmd’ SUMMARY: processing the following file failed: ‘tr2g.Rmd’ Error: Vignette re-building failed. Execution halted