############################################################################## ############################################################################## ### ### Running command: ### ### /home/biocbuild/R/R/bin/R CMD check --install=check:BindingSiteFinder.install-out.txt --library=/home/biocbuild/R/R/site-library --no-vignettes --timings BindingSiteFinder_2.5.2.tar.gz ### ############################################################################## ############################################################################## * using log directory ‘/home/biocbuild/bbs-3.21-bioc/meat/BindingSiteFinder.Rcheck’ * using R Under development (unstable) (2024-11-24 r87369) * using platform: aarch64-unknown-linux-gnu * R was compiled by aarch64-unknown-linux-gnu-gcc (GCC) 14.2.0 GNU Fortran (GCC) 14.2.0 * running under: openEuler 24.03 (LTS) * using session charset: UTF-8 * using option ‘--no-vignettes’ * checking for file ‘BindingSiteFinder/DESCRIPTION’ ... OK * checking extension type ... Package * this is package ‘BindingSiteFinder’ version ‘2.5.2’ * package encoding: UTF-8 * checking package namespace information ... OK * checking package dependencies ... OK * checking if this is a source package ... OK * checking if there is a namespace ... OK * checking for hidden files and directories ... OK * checking for portable file names ... OK * checking for sufficient/correct file permissions ... OK * checking whether package ‘BindingSiteFinder’ can be installed ... WARNING Found the following significant warnings: Warning: program compiled against libxml 212 using older 211 See ‘/home/biocbuild/bbs-3.21-bioc/meat/BindingSiteFinder.Rcheck/00install.out’ for details. * checking installed package size ... OK * checking package directory ... OK * checking ‘build’ directory ... OK * checking DESCRIPTION meta-information ... OK * checking top-level files ... OK * checking for left-over files ... OK * checking index information ... OK * checking package subdirectories ... OK * checking code files for non-ASCII characters ... OK * checking R files for syntax errors ... OK * checking whether the package can be loaded ... OK * checking whether the package can be loaded with stated dependencies ... OK * checking whether the package can be unloaded cleanly ... OK * checking whether the namespace can be loaded with stated dependencies ... NOTE Warning: program compiled against libxml 212 using older 211 A namespace must be able to be loaded with just the base namespace loaded: otherwise if the namespace gets loaded by a saved object, the session will be unable to start. Probably some imports need to be declared in the NAMESPACE file. * checking whether the namespace can be unloaded cleanly ... OK * checking loading without being on the library search path ... OK * checking dependencies in R code ... NOTE Warning: program compiled against libxml 212 using older 211 * checking S3 generic/method consistency ... WARNING Warning: program compiled against libxml 212 using older 211 See section ‘Generic functions and methods’ in the ‘Writing R Extensions’ manual. * checking replacement functions ... WARNING Warning: program compiled against libxml 212 using older 211 The argument of a replacement function which corresponds to the right hand side must be named ‘value’. * checking foreign function calls ... NOTE Warning: program compiled against libxml 212 using older 211 See chapter ‘System and foreign language interfaces’ in the ‘Writing R Extensions’ manual. * checking R code for possible problems ... NOTE Warning: program compiled against libxml 212 using older 211 * checking Rd files ... OK * checking Rd metadata ... OK * checking Rd cross-references ... NOTE Found the following Rd file(s) with Rd \link{} targets missing package anchors: BSFind.Rd: GenomicRanges, CompressedGRangesList annotateWithScore.Rd: GenomicRanges assignToGenes.Rd: GenomicRanges, overlaps assignToTranscriptRegions.Rd: CompressedGRangesList, overlaps bindingSiteDefinednessPlot.Rd: ggplot calculateBsBackground.Rd: GenomicRanges duplicatedSitesPlot.Rd: ggplot estimateBsWidth.Rd: GenomicRanges estimateBsWidthPlot.Rd: ggplot geneOverlapsPlot.Rd: ggplot globalScorePlot.Rd: ggplot makeBsSummaryPlot.Rd: ggplot mergeCrosslinkDiagnosticsPlot.Rd: ggplot plotBsBackgroundFilter.Rd: ggplot plotBsMA.Rd: ggplot plotBsVolcano.Rd: ggplot processingStepsFlowChart.Rd: ggplot pureClipGeneWiseFilter.Rd: GenomicRanges, overlaps pureClipGlobalFilter.Rd: GenomicRanges pureClipGlobalFilterPlot.Rd: ggplot reproducibilityFilterPlot.Rd: ggplot reproducibilitySamplesPlot.Rd: ggplot targetGeneSpectrumPlot.Rd: ggplot transcriptRegionOverlapsPlot.Rd: ggplot transcriptRegionSpectrumPlot.Rd: ggplot Please provide package anchors for all Rd \link{} targets not in the package itself and the base packages. * checking for missing documentation entries ... WARNING Warning: program compiled against libxml 212 using older 211 All user-level objects in a package should have documentation entries. See chapter ‘Writing R documentation files’ in the ‘Writing R Extensions’ manual. * checking for code/documentation mismatches ... WARNING Warning: program compiled against libxml 212 using older 211 Warning: program compiled against libxml 212 using older 211 Warning: program compiled against libxml 212 using older 211 * checking Rd \usage sections ... NOTE Warning: program compiled against libxml 212 using older 211 The \usage entries for S3 methods should use the \method markup and not their full name. See chapter ‘Writing R documentation files’ in the ‘Writing R Extensions’ manual. * checking Rd contents ... OK * checking for unstated dependencies in examples ... OK * checking files in ‘vignettes’ ... OK * checking examples ...