############################################################################## ############################################################################## ### ### Running command: ### ### /home/biocbuild/R/R/bin/R CMD build --keep-empty-dirs --no-resave-data BiocFileCache ### ############################################################################## ############################################################################## * checking for file ‘BiocFileCache/DESCRIPTION’ ... OK * preparing ‘BiocFileCache’: * checking DESCRIPTION meta-information ... OK * installing the package to build vignettes * creating vignettes ... ERROR --- re-building ‘BiocFileCache.Rmd’ using rmarkdown --- finished re-building ‘BiocFileCache.Rmd’ --- re-building ‘BiocFileCache_Troubleshooting.Rmd’ using rmarkdown --- finished re-building ‘BiocFileCache_Troubleshooting.Rmd’ --- re-building ‘BiocFileCache_UseCases.Rmd’ using rmarkdown Error: processing vignette 'BiocFileCache_UseCases.Rmd' failed with diagnostics: Error writing to connection: No space left on device --- failed re-building ‘BiocFileCache_UseCases.Rmd’ SUMMARY: processing the following file failed: ‘BiocFileCache_UseCases.Rmd’ Error: Vignette re-building failed. Execution halted