############################################################################## ############################################################################## ### ### Running command: ### ### /home/biocbuild/R/R/bin/R CMD build --keep-empty-dirs --no-resave-data MsBackendRawFileReader ### ############################################################################## ############################################################################## * checking for file ‘MsBackendRawFileReader/DESCRIPTION’ ... OK * preparing ‘MsBackendRawFileReader’: * checking DESCRIPTION meta-information ... OK * installing the package to build vignettes * creating vignettes ... ERROR --- re-building ‘MsBackendRawFileReader.Rmd’ using rmarkdown sh: line 1: /home/biocbuild/.cache/R/rawrr/rawrrassembly/linux-x64/rawrr: cannot execute binary file: Exec format error sh: line 1: /home/biocbuild/.cache/R/rawrr/rawrrassembly/linux-x64/rawrr: cannot execute binary file: Exec format error sh: line 1: /home/biocbuild/.cache/R/rawrr/rawrrassembly/linux-x64/rawrr: cannot execute binary file: Exec format error Quitting from lines 104-107 [backendInitializeMsBackendRawFileReader] (MsBackendRawFileReader.Rmd) Error: processing vignette 'MsBackendRawFileReader.Rmd' failed with diagnostics: BiocParallel errors 3 remote errors, element index: 1, 2, 3 0 unevaluated and other errors first remote error: Error in if (rvs != "No RAW file specified!") {: argument is of length zero --- failed re-building ‘MsBackendRawFileReader.Rmd’ SUMMARY: processing the following file failed: ‘MsBackendRawFileReader.Rmd’ Error: Vignette re-building failed. Execution halted