############################################################################## ############################################################################## ### ### Running command: ### ### chmod a+r QuartPAC -R && E:\biocbuild\bbs-3.21-bioc\R\bin\R.exe CMD build --keep-empty-dirs --no-resave-data QuartPAC ### ############################################################################## ############################################################################## * checking for file 'QuartPAC/DESCRIPTION' ... OK * preparing 'QuartPAC': * checking DESCRIPTION meta-information ... OK * installing the package to build vignettes * creating vignettes ... ERROR --- re-building 'QuartPAC.Rnw' using Sweave Loading required package: iPAC Loading required package: scatterplot3d Loading required package: Biostrings Loading required package: BiocGenerics Loading required package: generics Attaching package: 'generics' The following objects are masked from 'package:base': as.difftime, as.factor, as.ordered, intersect, is.element, setdiff, setequal, union Attaching package: 'BiocGenerics' The following objects are masked from 'package:stats': IQR, mad, sd, var, xtabs The following objects are masked from 'package:base': Filter, Find, Map, Position, Reduce, anyDuplicated, aperm, append, as.data.frame, basename, cbind, colnames, dirname, do.call, duplicated, eval, evalq, get, grep, grepl, is.unsorted, lapply, mapply, match, mget, order, paste, pmax, pmax.int, pmin, pmin.int, rank, rbind, rownames, sapply, saveRDS, table, tapply, unique, unsplit, which.max, which.min Loading required package: S4Vectors Loading required package: stats4 Attaching package: 'S4Vectors' The following object is masked from 'package:utils': findMatches The following objects are masked from 'package:base': I, expand.grid, unname Loading required package: IRanges Attaching package: 'IRanges' The following object is masked from 'package:grDevices': windows Loading required package: XVector Loading required package: GenomeInfoDb Attaching package: 'Biostrings' The following object is masked from 'package:base': strsplit Loading required package: pwalign Attaching package: 'pwalign' The following objects are masked from 'package:Biostrings': PairwiseAlignments, PairwiseAlignmentsSingleSubject, aligned, alignedPattern, alignedSubject, compareStrings, deletion, errorSubstitutionMatrices, indel, insertion, mismatchSummary, mismatchTable, nedit, nindel, nucleotideSubstitutionMatrix, pairwiseAlignment, pattern, pid, qualitySubstitutionMatrices, stringDist, unaligned, writePairwiseAlignments Loading required package: multtest Loading required package: Biobase Welcome to Bioconductor Vignettes contain introductory material; view with 'browseVignettes()'. To cite Bioconductor, see 'citation("Biobase")', and for packages 'citation("pkgname")'. Loading required package: GraphPAC Loading required package: igraph Attaching package: 'igraph' The following object is masked from 'package:Biostrings': union The following object is masked from 'package:XVector': path The following object is masked from 'package:IRanges': union The following object is masked from 'package:S4Vectors': union The following objects are masked from 'package:BiocGenerics': normalize, path, union The following objects are masked from 'package:generics': components, union The following objects are masked from 'package:stats': decompose, spectrum The following object is masked from 'package:base': union Loading required package: TSP Loading required package: RMallow Loading required package: combinat Attaching package: 'combinat' The following object is masked from 'package:utils': combn Loading required package: SpacePAC Loading required package: data.table Attaching package: 'data.table' The following object is masked from 'package:IRanges': shift The following objects are masked from 'package:S4Vectors': first, second Warning in readLines(PDB_location) : incomplete final line found on 'https://files.rcsb.org/view/1A6Z.pdb' Error: processing vignette 'QuartPAC.Rnw' failed with diagnostics: chunk 1 (label = Example1) Error in ids$seq_begin[x]:ids$seq_end[x] : argument of length 0 --- failed re-building 'QuartPAC.Rnw' SUMMARY: processing the following file failed: 'QuartPAC.Rnw' Error: Vignette re-building failed. Execution halted