############################################################################## ############################################################################## ### ### Running command: ### ### /home/biocbuild/R/R/bin/R CMD check --install=check:RMassBank.install-out.txt --library=/home/biocbuild/R/R/site-library --no-vignettes --timings RMassBank_3.17.0.tar.gz ### ############################################################################## ############################################################################## * using log directory ‘/home/biocbuild/bbs-3.21-bioc/meat/RMassBank.Rcheck’ * using R Under development (unstable) (2024-11-24 r87369) * using platform: aarch64-unknown-linux-gnu * R was compiled by aarch64-unknown-linux-gnu-gcc (GCC) 14.2.0 GNU Fortran (GCC) 14.2.0 * running under: openEuler 24.03 (LTS) * using session charset: UTF-8 * using option ‘--no-vignettes’ * checking for file ‘RMassBank/DESCRIPTION’ ... OK * checking extension type ... Package * this is package ‘RMassBank’ version ‘3.17.0’ * package encoding: UTF-8 * checking package namespace information ... OK * checking package dependencies ... INFO Imports includes 25 non-default packages. Importing from so many packages makes the package vulnerable to any of them becoming unavailable. Move as many as possible to Suggests and use conditionally. * checking if this is a source package ... OK * checking if there is a namespace ... OK * checking for hidden files and directories ... NOTE Found the following hidden files and directories: .travis.yml These were most likely included in error. See section ‘Package structure’ in the ‘Writing R Extensions’ manual. * checking for portable file names ... OK * checking for sufficient/correct file permissions ... OK * checking whether package ‘RMassBank’ can be installed ... WARNING Found the following significant warnings: Warning: program compiled against libxml 212 using older 211 See ‘/home/biocbuild/bbs-3.21-bioc/meat/RMassBank.Rcheck/00install.out’ for details. * checking installed package size ... OK * checking package directory ... OK * checking ‘build’ directory ... OK * checking DESCRIPTION meta-information ... OK * checking top-level files ... OK * checking for left-over files ... OK * checking index information ... OK * checking package subdirectories ... OK * checking code files for non-ASCII characters ... OK * checking R files for syntax errors ... OK * checking whether the package can be loaded ... OK * checking whether the package can be loaded with stated dependencies ... OK * checking whether the package can be unloaded cleanly ... OK * checking whether the namespace can be loaded with stated dependencies ... NOTE Warning: program compiled against libxml 212 using older 211 A namespace must be able to be loaded with just the base namespace loaded: otherwise if the namespace gets loaded by a saved object, the session will be unable to start. Probably some imports need to be declared in the NAMESPACE file. * checking whether the namespace can be unloaded cleanly ... OK * checking loading without being on the library search path ... OK * checking whether startup messages can be suppressed ... NOTE Warning: program compiled against libxml 212 using older 211 It looks like this package (or a package it requires) has a startup message which cannot be suppressed: see ?packageStartupMessage. * checking dependencies in R code ... NOTE Warning: program compiled against libxml 212 using older 211 * checking S3 generic/method consistency ... WARNING Warning: program compiled against libxml 212 using older 211 See section ‘Generic functions and methods’ in the ‘Writing R Extensions’ manual. * checking replacement functions ... WARNING Warning: program compiled against libxml 212 using older 211 The argument of a replacement function which corresponds to the right hand side must be named ‘value’. * checking foreign function calls ... NOTE Warning: program compiled against libxml 212 using older 211 See chapter ‘System and foreign language interfaces’ in the ‘Writing R Extensions’ manual. * checking R code for possible problems ... NOTE Warning: program compiled against libxml 212 using older 211 * checking Rd files ... NOTE checkRd: (-1) RmbSettings.Rd:11-16: Lost braces in \itemize; meant \describe ? checkRd: (-1) RmbSettings.Rd:17-20: Lost braces in \itemize; meant \describe ? checkRd: (-1) RmbSettings.Rd:21-27: Lost braces in \itemize; meant \describe ? checkRd: (-1) RmbSettings.Rd:28-31: Lost braces in \itemize; meant \describe ? checkRd: (-1) RmbSettings.Rd:32-35: Lost braces in \itemize; meant \describe ? checkRd: (-1) RmbSettings.Rd:36-59: Lost braces in \itemize; meant \describe ? checkRd: (-1) RmbSettings.Rd:60-62: Lost braces in \itemize; meant \describe ? checkRd: (-1) RmbSettings.Rd:63-67: Lost braces in \itemize; meant \describe ? checkRd: (-1) RmbSettings.Rd:68-72: Lost braces in \itemize; meant \describe ? checkRd: (-1) RmbSettings.Rd:73-75: Lost braces in \itemize; meant \describe ? checkRd: (-1) RmbSettings.Rd:76-78: Lost braces in \itemize; meant \describe ? checkRd: (-1) RmbSettings.Rd:79-81: Lost braces in \itemize; meant \describe ? checkRd: (-1) RmbSettings.Rd:82-86: Lost braces in \itemize; meant \describe ? checkRd: (-1) RmbSettings.Rd:87-89: Lost braces in \itemize; meant \describe ? checkRd: (-1) RmbSettings.Rd:90-99: Lost braces in \itemize; meant \describe ? checkRd: (-1) RmbSettings.Rd:100-134: Lost braces in \itemize; meant \describe ? checkRd: (-1) RmbSettings.Rd:135-149: Lost braces in \itemize; meant \describe ? checkRd: (-1) checkIsotopes.Rd:51-53: Lost braces in \itemize; meant \describe ? checkRd: (-1) filterPeaksMultiplicity.Rd:22-23: Lost braces in \itemize; \value handles \item{}{} directly checkRd: (-1) findMsMsHR.Rd:49: Lost braces 49 | to use for formula lookup. Note: In \\code{findMsMsHR.mass}, this is entirely optional and | ^ * checking Rd metadata ... OK * checking Rd cross-references ... NOTE Found the following Rd file(s) with Rd \link{} targets missing package anchors: RmbSpectrum2-class.Rd: generate.formula buildRecord.Rd: normalize getMolecule.Rd: parse.smiles to.limits.rcdk.Rd: generate.formula Please provide package anchors for all Rd \link{} targets not in the package itself and the base packages. * checking for missing documentation entries ... WARNING Warning: program compiled against libxml 212 using older 211 All user-level objects in a package should have documentation entries. See chapter ‘Writing R documentation files’ in the ‘Writing R Extensions’ manual. * checking for code/documentation mismatches ... WARNING Warning: program compiled against libxml 212 using older 211 Warning: program compiled against libxml 212 using older 211 Warning: program compiled against libxml 212 using older 211 * checking Rd \usage sections ... NOTE Warning: program compiled against libxml 212 using older 211 The \usage entries for S3 methods should use the \method markup and not their full name. See chapter ‘Writing R documentation files’ in the ‘Writing R Extensions’ manual. * checking Rd contents ... OK * checking for unstated dependencies in examples ... OK * checking line endings in Makefiles ... OK * checking for GNU extensions in Makefiles ... OK * checking include directives in Makefiles ... OK * checking files in ‘vignettes’ ... OK * checking examples ... OK * checking for unstated dependencies in ‘tests’ ... OK * checking tests ... Running ‘doRUnit.R’ OK * checking for unstated dependencies in vignettes ... OK * checking package vignettes ... OK * checking running R code from vignettes ... SKIPPED * checking re-building of vignette outputs ... SKIPPED * checking PDF version of manual ... OK * DONE Status: 5 WARNINGs, 9 NOTEs See ‘/home/biocbuild/bbs-3.21-bioc/meat/RMassBank.Rcheck/00check.log’ for details.