############################################################################## ############################################################################## ### ### Running command: ### ### /home/biocbuild/R/R/bin/R CMD check --install=check:alabaster.base.install-out.txt --library=/home/biocbuild/R/R/site-library --no-vignettes --timings alabaster.base_1.7.4.tar.gz ### ############################################################################## ############################################################################## * using log directory ‘/home/biocbuild/bbs-3.21-bioc/meat/alabaster.base.Rcheck’ * using R Under development (unstable) (2024-11-24 r87369) * using platform: aarch64-unknown-linux-gnu * R was compiled by aarch64-unknown-linux-gnu-gcc (GCC) 14.2.0 GNU Fortran (GCC) 14.2.0 * running under: openEuler 24.03 (LTS) * using session charset: UTF-8 * using option ‘--no-vignettes’ * checking for file ‘alabaster.base/DESCRIPTION’ ... OK * this is package ‘alabaster.base’ version ‘1.7.4’ * package encoding: UTF-8 * checking package namespace information ... OK * checking package dependencies ... OK * checking if this is a source package ... OK * checking if there is a namespace ... OK * checking for hidden files and directories ... OK * checking for portable file names ... OK * checking for sufficient/correct file permissions ... OK * checking whether package ‘alabaster.base’ can be installed ... OK * used C++ compiler: ‘aarch64-unknown-linux-gnu-g++ (GCC) 14.2.0’ * checking C++ specification ... OK * checking installed package size ... INFO installed size is 34.1Mb sub-directories of 1Mb or more: libs 33.6Mb * checking package directory ... OK * checking ‘build’ directory ... OK * checking DESCRIPTION meta-information ... NOTE Versioned 'LinkingTo' value for ‘assorthead’ is only usable in R >= 3.0.2 * checking top-level files ... OK * checking for left-over files ... OK * checking index information ... OK * checking package subdirectories ... OK * checking code files for non-ASCII characters ... OK * checking R files for syntax errors ... OK * checking whether the package can be loaded ... OK * checking whether the package can be loaded with stated dependencies ... OK * checking whether the package can be unloaded cleanly ... OK * checking whether the namespace can be loaded with stated dependencies ... OK * checking whether the namespace can be unloaded cleanly ... OK * checking loading without being on the library search path ... OK * checking whether startup messages can be suppressed ... OK * checking dependencies in R code ... OK * checking S3 generic/method consistency ... OK * checking replacement functions ... OK * checking foreign function calls ... OK * checking R code for possible problems ... OK * checking Rd files ... OK * checking Rd metadata ... OK * checking Rd cross-references ... OK * checking for missing documentation entries ... OK * checking for code/documentation mismatches ... OK * checking Rd \usage sections ... OK * checking Rd contents ... OK * checking for unstated dependencies in examples ... OK * checking line endings in C/C++/Fortran sources/headers ... OK * checking line endings in Makefiles ... OK * checking compilation flags in Makevars ... OK * checking for GNU extensions in Makefiles ... INFO GNU make is a SystemRequirements. * checking for portable use of $(BLAS_LIBS) and $(LAPACK_LIBS) ... OK * checking use of PKG_*FLAGS in Makefiles ... OK * checking compiled code ... WARNING Note: information on .o files is not available File ‘/home/biocbuild/R/R-4.5.0-devel_2024-11-24/site-library/alabaster.base/libs/alabaster.base.so’: Found ‘_ZSt4cerr’, possibly from ‘std::cerr’ (C++) Found ‘abort’, possibly from ‘abort’ (C) Found ‘exit’, possibly from ‘exit’ (C) Found ‘rand_r’, possibly from ‘rand_r’ (C) Found ‘sprintf’, possibly from ‘sprintf’ (C) Found ‘stderr’, possibly from ‘stderr’ (C) Found ‘stdout’, possibly from ‘stdout’ (C) Compiled code should not call entry points which might terminate R nor write to stdout/stderr instead of to the console, nor use Fortran I/O nor system RNGs nor [v]sprintf. The detected symbols are linked into the code but might come from libraries and not actually be called. See ‘Writing portable packages’ in the ‘Writing R Extensions’ manual. * checking files in ‘vignettes’ ... OK * checking examples ... ERROR Running examples in ‘alabaster.base-Ex.R’ failed The error most likely occurred in: > base::assign(".ptime", proc.time(), pos = "CheckExEnv") > ### Name: acquireFile > ### Title: Acquire file or metadata > ### Aliases: acquireFile acquireMetadata acquireFile,character-method > ### acquireMetadata,character-method > > ### ** Examples > > # Staging an example DataFrame: > library(S4Vectors) Loading required package: stats4 Loading required package: BiocGenerics Loading required package: generics Attaching package: ‘generics’ The following objects are masked from ‘package:base’: as.difftime, as.factor, as.ordered, intersect, is.element, setdiff, setequal, union Attaching package: ‘BiocGenerics’ The following objects are masked from ‘package:stats’: IQR, mad, sd, var, xtabs The following objects are masked from ‘package:base’: Filter, Find, Map, Position, Reduce, anyDuplicated, aperm, append, as.data.frame, basename, cbind, colnames, dirname, do.call, duplicated, eval, evalq, get, grep, grepl, is.unsorted, lapply, mapply, match, mget, order, paste, pmax, pmax.int, pmin, pmin.int, rank, rbind, rownames, sapply, saveRDS, table, tapply, unique, unsplit, which.max, which.min Attaching package: ‘S4Vectors’ The following object is masked from ‘package:utils’: findMatches The following objects are masked from ‘package:base’: I, expand.grid, unname > df <- DataFrame(A=1:10, B=LETTERS[1:10]) > tmp <- tempfile() > dir.create(tmp) > info <- stageObject(df, tmp, path="coldata") > writeMetadata(info, tmp) Error in dyn.load(file, DLLpath = DLLpath, ...) : unable to load shared object '/home/biocbuild/R/R-4.5.0-devel_2024-11-24/site-library/V8/libs/V8.so': libnode.so.72: cannot open shared object file: No such file or directory Calls: writeMetadata ... jsonvalidate_js -> loadNamespace -> library.dynam -> dyn.load Execution halted * checking for unstated dependencies in ‘tests’ ... OK * checking tests ... Running ‘testthat.R’ ERROR Running the tests in ‘tests/testthat.R’ failed. Last 13 lines of output: libnode.so.72: cannot open shared object file: No such file or directory Backtrace: ▆ 1. ├─alabaster.base::stageObject(df, tmp, "./whee") at test-writeMetadata.R:57:5 2. └─alabaster.base::stageObject(df, tmp, "./whee") 3. └─alabaster.base (local) .local(x, dir, path, child, ...) 4. └─alabaster.base:::.sanitize_df_columns(x, dir, path, .version.df) 5. └─base::tryCatch(...) 6. └─base (local) tryCatchList(expr, classes, parentenv, handlers) 7. └─base (local) tryCatchOne(expr, names, parentenv, handlers[[1L]]) 8. └─value[[3L]](cond) [ FAIL 50 | WARN 0 | SKIP 0 | PASS 322 ] Error: Test failures Execution halted * checking for unstated dependencies in vignettes ... OK * checking package vignettes ... OK * checking running R code from vignettes ... SKIPPED * checking re-building of vignette outputs ... SKIPPED * checking PDF version of manual ... OK * DONE Status: 2 ERRORs, 1 WARNING, 1 NOTE See ‘/home/biocbuild/bbs-3.21-bioc/meat/alabaster.base.Rcheck/00check.log’ for details.