############################################################################## ############################################################################## ### ### Running command: ### ### E:\biocbuild\bbs-3.21-bioc\R\bin\R.exe CMD check --no-multiarch --install=check:celda.install-out.txt --library=E:\biocbuild\bbs-3.21-bioc\R\library --no-vignettes --timings celda_1.23.0.tar.gz ### ############################################################################## ############################################################################## * using log directory 'E:/biocbuild/bbs-3.21-bioc/meat/celda.Rcheck' * using R Under development (unstable) (2025-01-21 r87610 ucrt) * using platform: x86_64-w64-mingw32 * R was compiled by gcc.exe (GCC) 13.3.0 GNU Fortran (GCC) 13.3.0 * running under: Windows Server 2022 x64 (build 20348) * using session charset: UTF-8 * using option '--no-vignettes' * checking for file 'celda/DESCRIPTION' ... OK * this is package 'celda' version '1.23.0' * package encoding: UTF-8 * checking package namespace information ... OK * checking package dependencies ... OK * checking if this is a source package ... OK * checking if there is a namespace ... OK * checking for hidden files and directories ... OK * checking for portable file names ... OK * checking whether package 'celda' can be installed ... OK * used C compiler: 'gcc.exe (GCC) 13.3.0' * used C++ compiler: 'G__~1.EXE (GCC) 13.3.0' * checking installed package size ... OK * checking package directory ... OK * checking 'build' directory ... OK * checking DESCRIPTION meta-information ... NOTE License stub is invalid DCF. * checking top-level files ... OK * checking for left-over files ... OK * checking index information ... OK * checking package subdirectories ... OK * checking code files for non-ASCII characters ... OK * checking R files for syntax errors ... OK * checking whether the package can be loaded ... OK * checking whether the package can be loaded with stated dependencies ... OK * checking whether the package can be unloaded cleanly ... OK * checking whether the namespace can be loaded with stated dependencies ... OK * checking whether the namespace can be unloaded cleanly ... OK * checking dependencies in R code ... OK * checking S3 generic/method consistency ... OK * checking replacement functions ... OK * checking foreign function calls ... OK * checking R code for possible problems ... OK * checking Rd files ... NOTE checkRd: (-1) semiPheatmap.Rd:319-323: Lost braces 319 | callback = function(hc, mat) { | ^ * checking Rd metadata ... OK * checking Rd cross-references ... NOTE Found the following Rd file(s) with Rd \link{} targets missing package anchors: bestLogLikelihood.Rd: SingleCellExperiment-class, altExp celdaClusters.Rd: SingleCellExperiment-class, altExp celdaGridSearch.Rd: SingleCellExperiment-class, assay, altExp, metadata celdaHeatmap.Rd: assay, altExp celdaModel.Rd: altExp celdaModules.Rd: SingleCellExperiment-class, altExp celdaProbabilityMap.Rd: assay, altExp celdaTsne.Rd: SingleCellExperiment-class, assay, altExp, reducedDim celdaUmap.Rd: assay, altExp, reducedDim celda_C.Rd: assay, altExp, SingleCellExperiment-class, metadata, colData celda_CG.Rd: assay, altExp, SingleCellExperiment-class, metadata, colData, rowData celda_G.Rd: assay, altExp, SingleCellExperiment-class, metadata, rowData celdatosce.Rd: SingleCellExperiment-class, assay, altExp, metadata, colData, rowData clusterProbability.Rd: SingleCellExperiment-class, assay, altExp decontX.Rd: SingleCellExperiment-class, Matrix decontXcounts.Rd: SingleCellExperiment-class, assay, assay<- factorizeMatrix.Rd: SingleCellExperiment-class, assay, altExp featureModuleLookup.Rd: SingleCellExperiment-class, altExp featureModuleTable.Rd: SingleCellExperiment-class, assay, altExp geneSetEnrich.Rd: SingleCellExperiment-class, assay, altExp logLikelihood.Rd: SingleCellExperiment-class, assay, altExp logLikelihoodHistory.Rd: SingleCellExperiment-class, altExp moduleHeatmap.Rd: SingleCellExperiment-class, assay, altExp perplexity.Rd: SingleCellExperiment-class, assay, altExp plotCeldaViolin.Rd: SingleCellExperiment-class, assay, altExp plotDecontXContamination.Rd: SingleCellExperiment-class plotDecontXMarkerExpression.Rd: SingleCellExperiment-class plotDecontXMarkerPercentage.Rd: SingleCellExperiment-class plotDimReduceCluster.Rd: SingleCellExperiment-class, altExp plotDimReduceFeature.Rd: SingleCellExperiment-class, assay, altExp, scale_colour_gradient2 plotDimReduceGrid.Rd: SingleCellExperiment-class, assay, altExp, scale_colour_gradient2 plotDimReduceModule.Rd: SingleCellExperiment-class, assay, altExp, scale_colour_gradient plotGridSearchPerplexity.Rd: SingleCellExperiment-class, altExp, geom_jitter plotRPC.Rd: SingleCellExperiment-class, altExp, geom_jitter recodeClusterY.Rd: SingleCellExperiment-class, rowData, altExp recodeClusterZ.Rd: SingleCellExperiment-class, colData, altExp recursiveSplitCell.Rd: SingleCellExperiment-class, assay, altExp, metadata recursiveSplitModule.Rd: SingleCellExperiment-class, assay, altExp, metadata reorderCelda.Rd: SingleCellExperiment-class, assay, altExp reportceldaCG.Rd: SingleCellExperiment-class, altExp, assay resList.Rd: SingleCellExperiment-class, altExp resamplePerplexity.Rd: SingleCellExperiment-class, assay, altExp retrieveFeatureIndex.Rd: SummarizedExperiment-class, SingleCellExperiment-class runParams.Rd: SingleCellExperiment-class, altExp sampleLabel.Rd: SingleCellExperiment-class, altExp sceCeldaC.Rd: SingleCellExperiment-class sceCeldaCG.Rd: SingleCellExperiment-class sceCeldaCGGridSearch.Rd: SingleCellExperiment-class sceCeldaG.Rd: SingleCellExperiment-class selectBestModel.Rd: SingleCellExperiment-class, altExp, metadata selectFeatures.Rd: SingleCellExperiment-class, altExp, assay, metadata simulateCells.Rd: SingleCellExperiment-class, metadata, colData, rowData splitModule.Rd: SingleCellExperiment-class, assay, altExp, rowData subsetCeldaList.Rd: SingleCellExperiment-class, altExp, metadata Please provide package anchors for all Rd \link{} targets not in the package itself and the base packages. * checking for missing documentation entries ... OK * checking for code/documentation mismatches ... OK * checking Rd \usage sections ... OK * checking Rd contents ... OK * checking for unstated dependencies in examples ... OK * checking contents of 'data' directory ... OK * checking data for non-ASCII characters ... OK * checking LazyData ... OK * checking data for ASCII and uncompressed saves ... OK * checking line endings in C/C++/Fortran sources/headers ... OK * checking line endings in Makefiles ... OK * checking compilation flags in Makevars ... OK * checking for GNU extensions in Makefiles ... OK * checking for portable use of $(BLAS_LIBS) and $(LAPACK_LIBS) ... OK * checking use of PKG_*FLAGS in Makefiles ... OK * checking compiled code ... NOTE Note: information on .o files for x64 is not available File 'E:/biocbuild/bbs-3.21-bioc/R/library/celda/libs/x64/celda.dll': Found '_assert', possibly from 'assert' (C) Found '_exit', possibly from '_exit' (C) Found 'abort', possibly from 'abort' (C), 'runtime' (Fortran) Found 'exit', possibly from 'exit' (C), 'stop' (Fortran) Compiled code should not call entry points which might terminate R nor write to stdout/stderr instead of to the console, nor use Fortran I/O nor system RNGs nor [v]sprintf. The detected symbols are linked into the code but might come from libraries and not actually be called. See 'Writing portable packages' in the 'Writing R Extensions' manual. * checking files in 'vignettes' ... OK * checking examples ... ERROR Running examples in 'celda-Ex.R' failed The error most likely occurred in: > base::assign(".ptime", proc.time(), pos = "CheckExEnv") > ### Name: geneSetEnrich > ### Title: Gene set enrichment > ### Aliases: geneSetEnrich geneSetEnrich,SingleCellExperiment-method > ### geneSetEnrich,matrix-method > > ### ** Examples > > library(M3DExampleData) > counts <- M3DExampleData::Mmus_example_list$data > # subset 500 genes for fast clustering > counts <- counts[seq(1501, 2000), ] > # cluster genes into 10 modules for quick demo > sce <- celda_G(x = as.matrix(counts), L = 10, verbose = FALSE) > gse <- geneSetEnrich(sce, + databases = c("GO_Biological_Process_2018", "GO_Molecular_Function_2018")) Must specify at least one of url or handle Error in enrichR::enrichr(genes = module, databases = databases) : Enrichr website is unreachable Calls: geneSetEnrich ... lapply -> FUN -> -> withVisible -> Execution halted Examples with CPU (user + system) or elapsed time > 5s user system elapsed decontX 11.55 0.15 11.70 celda_CG 5.31 0.17 5.49 * checking for unstated dependencies in 'tests' ... OK * checking tests ... Running 'testthat.R' OK * checking for unstated dependencies in vignettes ... OK * checking package vignettes ... OK * checking running R code from vignettes ... SKIPPED * checking re-building of vignette outputs ... SKIPPED * checking PDF version of manual ... OK * DONE Status: 1 ERROR, 4 NOTEs See 'E:/biocbuild/bbs-3.21-bioc/meat/celda.Rcheck/00check.log' for details.