############################################################################## ############################################################################## ### ### Running command: ### ### /Library/Frameworks/R.framework/Resources/bin/R CMD check --install=check:decoupleR.install-out.txt --library=/Library/Frameworks/R.framework/Resources/library --no-vignettes --timings decoupleR_2.13.0.tar.gz ### ############################################################################## ############################################################################## * using log directory ‘/Users/biocbuild/bbs-3.21-bioc/meat/decoupleR.Rcheck’ * using R Under development (unstable) (2025-01-20 r87609) * using platform: aarch64-apple-darwin20 * R was compiled by Apple clang version 14.0.0 (clang-1400.0.29.202) GNU Fortran (GCC) 14.2.0 * running under: macOS Ventura 13.7.1 * using session charset: UTF-8 * using option ‘--no-vignettes’ * checking for file ‘decoupleR/DESCRIPTION’ ... OK * checking extension type ... Package * this is package ‘decoupleR’ version ‘2.13.0’ * package encoding: UTF-8 * checking package namespace information ... OK * checking package dependencies ... OK * checking if this is a source package ... OK * checking if there is a namespace ... OK * checking for hidden files and directories ... OK * checking for portable file names ... OK * checking for sufficient/correct file permissions ... OK * checking whether package ‘decoupleR’ can be installed ... OK * checking installed package size ... OK * checking package directory ... OK * checking ‘build’ directory ... OK * checking DESCRIPTION meta-information ... OK * checking top-level files ... OK * checking for left-over files ... OK * checking index information ... OK * checking package subdirectories ... OK * checking code files for non-ASCII characters ... OK * checking R files for syntax errors ... OK * checking whether the package can be loaded ... OK * checking whether the package can be loaded with stated dependencies ... OK * checking whether the package can be unloaded cleanly ... OK * checking whether the namespace can be loaded with stated dependencies ... OK * checking whether the namespace can be unloaded cleanly ... OK * checking dependencies in R code ... NOTE [2025-02-09 18:52:27] [TRACE] [OmnipathR] Reading JSON from `/Users/biocbuild/Library/Caches/OmnipathR/cache.json` (encoding: UTF-8). [2025-02-09 18:52:27] [TRACE] [OmnipathR] JSON validation successful: TRUE [2025-02-09 18:52:27] [INFO] [OmnipathR] Initialized cache: `/Users/biocbuild/Library/Caches/OmnipathR`. [2025-02-09 18:52:27] [INFO] [OmnipathR] Package `OmnipathR` packaged: NA [2025-02-09 18:52:27] [INFO] [OmnipathR] Package `OmnipathR` date/publication: 2025-02-09 [2025-02-09 18:52:27] [INFO] [OmnipathR] Package `OmnipathR` built: R 4.5.0; ; 2025-02-09 20:16:49 UTC; unix [2025-02-09 18:52:27] [INFO] [OmnipathR] Package `OmnipathR` version: 3.15.6 [2025-02-09 18:52:27] [INFO] [OmnipathR] Package `OmnipathR` repository: Bioconductor 3.21 [2025-02-09 18:52:27] [INFO] [OmnipathR] Session info: [version=R Under development (unstable) (2025-01-20 r87609); os=macOS Ventura 13.7.1; system=aarch64, darwin20; ui=X11; language=(EN); collate=C; ctype=en_US.UTF-8; tz=America/New_York; date=2025-02-09; pandoc=3.1.12.3 @ /opt/homebrew/bin/ (via rmarkdown); quarto=1.4.552 @ /usr/local/bin/quarto] [2025-02-09 18:52:28] [INFO] [OmnipathR] External libraries: [cairo=1.17.6; cairoFT=; pango=1.50.14; png=1.6.44; jpeg=9.5; tiff=LIBTIFF, Version 4.5.0; tcl=8.6.13; curl=8.7.1; zlib=1.2.11; bzlib=1.0.8, 13-Jul-2019; xz=5.6.3; deflate=1.23; PCRE=10.42 2022-12-11; ICU=70.2; TRE=TRE 0.8.0 R_fixes (BSD); iconv=Apple or GNU libiconv 1.11 /Library/Frameworks/R.framework/Versions/4.5-arm64/Resources/lib/libR.dylib; readline=5.2; BLAS=/Library/Frameworks/R.framework/Versions/4.5-arm64/Resources/lib/libRblas.0.dylib; lapack=/Library/Frameworks/R.framework/Versions/4.5-arm64/Resources/lib/libRlapack.dylib; lapack_version=3.12.0] [2025-02-09 18:52:28] [INFO] [OmnipathR] CURL: version: 8.11.1; headers: 8.11.1; ssl_version: OpenSSL/3.3.2 (SecureTransport); libz_version: 1.2.11; libssh_version: NA; libidn_version: NA; host: aarch64-apple-darwin23.6.0; protocols: dict, file, ftp, ftps, gopher, gophers, http, https, imap, imaps, ldap, ldaps, mqtt, pop3, pop3s, rtsp, smb, smbs, smtp, smtps, telnet, tftp, ws, wss; ipv6: TRUE; http2: TRUE; idn: FALSE; url_parser: TRUE [2025-02-09 18:52:28] [TRACE] [OmnipathR] Running on a build server, wiping cache. [2025-02-09 18:52:28] [TRACE] [OmnipathR] Cache is at `/Users/biocbuild/Library/Caches/OmnipathR`. [2025-02-09 18:52:28] [TRACE] [OmnipathR] Contains 2 files. [2025-02-09 18:52:28] [TRACE] [OmnipathR] Cache is locked: FALSE. [2025-02-09 18:52:28] [TRACE] [OmnipathR] Reading JSON from `/Users/biocbuild/Library/Caches/OmnipathR/cache.json` (encoding: UTF-8). [2025-02-09 18:52:28] [TRACE] [OmnipathR] JSON validation successful: TRUE [2025-02-09 18:52:28] [SUCCESS] [OmnipathR] Removing all cache contents from `/Users/biocbuild/Library/Caches/OmnipathR`. [2025-02-09 18:52:28] [TRACE] [OmnipathR] Pandoc version: `3.1.12.3`. [2025-02-09 18:52:28] [TRACE] [OmnipathR] Reading JSON from `/Library/Frameworks/R.framework/Versions/4.5-arm64/Resources/library/OmnipathR/db/db_def.json` (encoding: UTF-8). [2025-02-09 18:52:28] [TRACE] [OmnipathR] JSON validation successful: TRUE [2025-02-09 18:52:28] [TRACE] [OmnipathR] Reading JSON from `/Library/Frameworks/R.framework/Versions/4.5-arm64/Resources/library/OmnipathR/internal/magic_bytes.json` (encoding: UTF-8). [2025-02-09 18:52:28] [TRACE] [OmnipathR] JSON validation successful: TRUE [2025-02-09 18:52:28] [TRACE] [OmnipathR] Reading JSON from `/Library/Frameworks/R.framework/Versions/4.5-arm64/Resources/library/OmnipathR/internal/urls.json` (encoding: UTF-8). [2025-02-09 18:52:28] [TRACE] [OmnipathR] JSON validation successful: TRUE [2025-02-09 18:52:28] [TRACE] [OmnipathR] Reading JSON from `/Library/Frameworks/R.framework/Versions/4.5-arm64/Resources/library/OmnipathR/internal/id_types.json` (encoding: UTF-8). [2025-02-09 18:52:28] [TRACE] [OmnipathR] JSON validation successful: TRUE [2025-02-09 18:52:28] [TRACE] [OmnipathR] Cache locked: FALSE * checking S3 generic/method consistency ... OK * checking replacement functions ... OK * checking foreign function calls ... OK * checking R code for possible problems ... OK * checking Rd files ... OK * checking Rd metadata ... OK * checking Rd cross-references ... WARNING Missing link(s) in Rd file 'run_gsva.Rd': ‘GSVA::gsva’ ‘GeneSetCollection’ See section 'Cross-references' in the 'Writing R Extensions' manual. Found the following Rd file(s) with Rd \link{} targets missing package anchors: run_gsva.Rd: GSVA::gsva, GeneSetCollection Please provide package anchors for all Rd \link{} targets not in the package itself and the base packages. * checking for missing documentation entries ... OK * checking for code/documentation mismatches ... OK * checking Rd \usage sections ... OK * checking Rd contents ... OK * checking for unstated dependencies in examples ... OK * checking files in ‘vignettes’ ... OK * checking examples ... OK Examples with CPU (user + system) or elapsed time > 5s user system elapsed run_fgsea 10.049 0.776 12.249 get_dorothea 8.794 0.626 14.572 run_aucell 4.360 1.964 10.634 get_collectri 2.963 0.373 10.095 get_progeny 2.719 0.204 10.918 * checking for unstated dependencies in ‘tests’ ... OK * checking tests ... Running ‘testthat.R’ ERROR Running the tests in ‘tests/testthat.R’ failed. Last 13 lines of output: [120] 0.112 | 0.112 [120] [121] 0.991 - 1.000 [121] [122] 0.991 - 1.000 [122] [123] 0.123 - 0.126 [123] [124] 0.123 - 0.126 [124] [125] 0.156 | 0.156 [125] [126] 0.156 | 0.156 [126] [127] 0.592 | 0.592 [127] `actual$p_value[132:139]`: 0.125 0.592 0.592 0.175 0.175 0.198 0.198 0.592 `expected$p_value[132:139]`: 0.125 0.592 0.592 0.184 0.184 0.198 0.198 0.592 [ FAIL 2 | WARN 9 | SKIP 0 | PASS 33 ] Error: Test failures Execution halted * checking for unstated dependencies in vignettes ... OK * checking package vignettes ... OK * checking running R code from vignettes ... SKIPPED * checking re-building of vignette outputs ... SKIPPED * checking PDF version of manual ... OK * DONE Status: 1 ERROR, 1 WARNING, 1 NOTE See ‘/Users/biocbuild/bbs-3.21-bioc/meat/decoupleR.Rcheck/00check.log’ for details.