############################################################################## ############################################################################## ### ### Running command: ### ### /home/biocbuild/bbs-3.21-bioc/R/bin/R CMD check --install=check:decoupleR.install-out.txt --library=/home/biocbuild/bbs-3.21-bioc/R/site-library --timings decoupleR_2.13.0.tar.gz ### ############################################################################## ############################################################################## * using log directory ‘/home/biocbuild/bbs-3.21-bioc/meat/decoupleR.Rcheck’ * using R Under development (unstable) (2025-01-20 r87609) * using platform: x86_64-pc-linux-gnu * R was compiled by gcc (Ubuntu 13.3.0-6ubuntu2~24.04) 13.3.0 GNU Fortran (Ubuntu 13.3.0-6ubuntu2~24.04) 13.3.0 * running under: Ubuntu 24.04.1 LTS * using session charset: UTF-8 * checking for file ‘decoupleR/DESCRIPTION’ ... OK * checking extension type ... Package * this is package ‘decoupleR’ version ‘2.13.0’ * package encoding: UTF-8 * checking package namespace information ... OK * checking package dependencies ... OK * checking if this is a source package ... OK * checking if there is a namespace ... OK * checking for hidden files and directories ... OK * checking for portable file names ... OK * checking for sufficient/correct file permissions ... OK * checking whether package ‘decoupleR’ can be installed ... OK * checking installed package size ... OK * checking package directory ... OK * checking ‘build’ directory ... OK * checking DESCRIPTION meta-information ... OK * checking top-level files ... OK * checking for left-over files ... OK * checking index information ... OK * checking package subdirectories ... OK * checking code files for non-ASCII characters ... OK * checking R files for syntax errors ... OK * checking whether the package can be loaded ... OK * checking whether the package can be loaded with stated dependencies ... OK * checking whether the package can be unloaded cleanly ... OK * checking whether the namespace can be loaded with stated dependencies ... OK * checking whether the namespace can be unloaded cleanly ... OK * checking loading without being on the library search path ... OK * checking dependencies in R code ... NOTE [2025-02-09 21:33:57] [TRACE] [OmnipathR] Reading JSON from `/home/biocbuild/.cache/OmnipathR/cache.json` (encoding: UTF-8). [2025-02-09 21:33:57] [TRACE] [OmnipathR] JSON validation successful: TRUE [2025-02-09 21:33:57] [INFO] [OmnipathR] Initialized cache: `/home/biocbuild/.cache/OmnipathR`. [2025-02-09 21:33:57] [INFO] [OmnipathR] Package `OmnipathR` packaged: NA [2025-02-09 21:33:57] [INFO] [OmnipathR] Package `OmnipathR` date/publication: 2025-02-09 [2025-02-09 21:33:57] [INFO] [OmnipathR] Package `OmnipathR` built: R 4.5.0; ; 2025-02-09 20:09:10 UTC; unix [2025-02-09 21:33:57] [INFO] [OmnipathR] Package `OmnipathR` version: 3.15.6 [2025-02-09 21:33:57] [INFO] [OmnipathR] Package `OmnipathR` repository: Bioconductor 3.21 [2025-02-09 21:33:58] [INFO] [OmnipathR] Session info: [version=R Under development (unstable) (2025-01-20 r87609); os=Ubuntu 24.04.1 LTS; system=x86_64, linux-gnu; ui=X11; language=(EN); collate=C; ctype=en_US.UTF-8; tz=America/New_York; date=2025-02-09; pandoc=2.7.3 @ /usr/bin/ (via rmarkdown); quarto=1.5.57 @ /usr/local/bin/quarto] [2025-02-09 21:33:58] [INFO] [OmnipathR] External libraries: [cairo=1.18.0; cairoFT=; pango=1.52.1; png=1.6.43; jpeg=8.0; tiff=LIBTIFF, Version 4.5.1; tcl=8.6.14; curl=8.5.0; zlib=1.3; bzlib=1.0.8, 13-Jul-2019; xz=5.4.5; deflate=1.19; PCRE=10.42 2022-12-11; ICU=74.2; TRE=TRE 0.8.0 R_fixes (BSD); iconv=glibc 2.39; readline=8.2; BLAS=/home/biocbuild/bbs-3.21-bioc/R/lib/libRblas.so; lapack=/usr/lib/x86_64-linux-gnu/lapack/liblapack.so.3.12.0; lapack_version=3.12.0] [2025-02-09 21:33:58] [INFO] [OmnipathR] CURL: version: 8.5.0; headers: 8.5.0; ssl_version: OpenSSL/3.0.13; libz_version: 1.3; libssh_version: libssh/0.10.6/openssl/zlib; libidn_version: 2.3.7; host: x86_64-pc-linux-gnu; protocols: dict, file, ftp, ftps, gopher, gophers, http, https, imap, imaps, ldap, ldaps, mqtt, pop3, pop3s, rtmp, rtmpe, rtmps, rtmpt, rtmpte, rtmpts, rtsp, scp, sftp, smb, smbs, smtp, smtps, telnet, tftp; ipv6: TRUE; http2: TRUE; idn: TRUE; url_parser: TRUE [2025-02-09 21:33:58] [TRACE] [OmnipathR] Running on a build server, wiping cache. [2025-02-09 21:33:58] [TRACE] [OmnipathR] Cache is at `/home/biocbuild/.cache/OmnipathR`. [2025-02-09 21:33:58] [TRACE] [OmnipathR] Contains 2 files. [2025-02-09 21:33:58] [TRACE] [OmnipathR] Cache is locked: FALSE. [2025-02-09 21:33:58] [TRACE] [OmnipathR] Reading JSON from `/home/biocbuild/.cache/OmnipathR/cache.json` (encoding: UTF-8). [2025-02-09 21:33:58] [TRACE] [OmnipathR] JSON validation successful: TRUE [2025-02-09 21:33:58] [SUCCESS] [OmnipathR] Removing all cache contents from `/home/biocbuild/.cache/OmnipathR`. [2025-02-09 21:33:58] [TRACE] [OmnipathR] Pandoc version: `2.7.3`. [2025-02-09 21:33:58] [TRACE] [OmnipathR] Reading JSON from `/home/biocbuild/bbs-3.21-bioc/R/site-library/OmnipathR/db/db_def.json` (encoding: UTF-8). [2025-02-09 21:33:58] [TRACE] [OmnipathR] JSON validation successful: TRUE [2025-02-09 21:33:58] [TRACE] [OmnipathR] Reading JSON from `/home/biocbuild/bbs-3.21-bioc/R/site-library/OmnipathR/internal/magic_bytes.json` (encoding: UTF-8). [2025-02-09 21:33:58] [TRACE] [OmnipathR] JSON validation successful: TRUE [2025-02-09 21:33:58] [TRACE] [OmnipathR] Reading JSON from `/home/biocbuild/bbs-3.21-bioc/R/site-library/OmnipathR/internal/urls.json` (encoding: UTF-8). [2025-02-09 21:33:58] [TRACE] [OmnipathR] JSON validation successful: TRUE [2025-02-09 21:33:58] [TRACE] [OmnipathR] Reading JSON from `/home/biocbuild/bbs-3.21-bioc/R/site-library/OmnipathR/internal/id_types.json` (encoding: UTF-8). [2025-02-09 21:33:58] [TRACE] [OmnipathR] JSON validation successful: TRUE [2025-02-09 21:33:58] [TRACE] [OmnipathR] Cache locked: FALSE * checking S3 generic/method consistency ... OK * checking replacement functions ... OK * checking foreign function calls ... OK * checking R code for possible problems ... OK * checking Rd files ... OK * checking Rd metadata ... OK * checking Rd cross-references ... WARNING Missing link(s) in Rd file 'run_gsva.Rd': ‘GSVA::gsva’ ‘GeneSetCollection’ See section 'Cross-references' in the 'Writing R Extensions' manual. Found the following Rd file(s) with Rd \link{} targets missing package anchors: run_gsva.Rd: GSVA::gsva, GeneSetCollection Please provide package anchors for all Rd \link{} targets not in the package itself and the base packages. * checking for missing documentation entries ... OK * checking for code/documentation mismatches ... OK * checking Rd \usage sections ... OK * checking Rd contents ... OK * checking for unstated dependencies in examples ... OK * checking files in ‘vignettes’ ... OK * checking examples ... OK Examples with CPU (user + system) or elapsed time > 5s user system elapsed run_fgsea 24.500 0.580 25.097 get_dorothea 21.644 1.201 25.601 run_aucell 9.223 1.668 10.925 get_collectri 7.978 0.750 14.321 get_progeny 6.091 0.311 13.400 * checking for unstated dependencies in ‘tests’ ... OK * checking tests ... Running ‘testthat.R’ ERROR Running the tests in ‘tests/testthat.R’ failed. Last 13 lines of output: 41. └─tidyselect::eval_rename(expr(c(...)), .data) 42. └─tidyselect:::rename_impl(...) 43. ├─tidyselect:::with_subscript_errors(...) 44. │ └─base::withCallingHandlers(...) 45. └─vctrs::vec_as_names(names, repair = "check_unique", call = error_call) 46. └─vctrs (local) ``() 47. └─vctrs:::validate_unique(names = names, arg = arg, call = call) 48. └─vctrs:::stop_names_must_be_unique(names, arg, call = call) 49. └─vctrs:::stop_names(...) 50. └─vctrs:::stop_vctrs(...) 51. └─rlang::abort(message, class = c(class, "vctrs_error"), ..., call = call) [ FAIL 1 | WARN 9 | SKIP 0 | PASS 34 ] Error: Test failures Execution halted * checking for unstated dependencies in vignettes ... OK * checking package vignettes ... OK * checking re-building of vignette outputs ... OK * checking PDF version of manual ... OK * DONE Status: 1 ERROR, 1 WARNING, 1 NOTE See ‘/home/biocbuild/bbs-3.21-bioc/meat/decoupleR.Rcheck/00check.log’ for details.