############################################################################## ############################################################################## ### ### Running command: ### ### /Library/Frameworks/R.framework/Resources/bin/R CMD build --keep-empty-dirs --no-resave-data immApex ### ############################################################################## ############################################################################## * checking for file ‘immApex/DESCRIPTION’ ... OK * preparing ‘immApex’: * checking DESCRIPTION meta-information ... OK * installing the package to build vignettes * creating vignettes ... ERROR --- re-building ‘immApex.Rmd’ using rmarkdown 2025-02-09 17:09:48.881250: I tensorflow/core/platform/cpu_feature_guard.cc:210] This TensorFlow binary is optimized to use available CPU instructions in performance-critical operations. To enable the following instructions: AVX2 AVX512F AVX512_VNNI FMA, in other operations, rebuild TensorFlow with the appropriate compiler flags. /Users/biocbuild/.virtualenvs/r-keras/lib/python3.9/site-packages/urllib3/__init__.py:35: NotOpenSSLWarning: urllib3 v2 only supports OpenSSL 1.1.1+, currently the 'ssl' module is compiled with 'LibreSSL 2.8.3'. See: https://github.com/urllib3/urllib3/issues/3020 warnings.warn( Quitting from lines 173-180 [unnamed-chunk-8] (immApex.Rmd) Error: processing vignette 'immApex.Rmd' failed with diagnostics: Timeout was reached [www.imgt.org]: Connection timed out after 10000 milliseconds --- failed re-building ‘immApex.Rmd’ SUMMARY: processing the following file failed: ‘immApex.Rmd’ Error: Vignette re-building failed. Execution halted