############################################################################## ############################################################################## ### ### Running command: ### ### /home/biocbuild/bbs-3.21-bioc/R/bin/R CMD check --install=check:ptairMS.install-out.txt --library=/home/biocbuild/bbs-3.21-bioc/R/site-library --timings ptairMS_1.15.0.tar.gz ### ############################################################################## ############################################################################## * using log directory ‘/home/biocbuild/bbs-3.21-bioc/meat/ptairMS.Rcheck’ * using R Under development (unstable) (2025-01-20 r87609) * using platform: x86_64-pc-linux-gnu * R was compiled by gcc (Ubuntu 13.3.0-6ubuntu2~24.04) 13.3.0 GNU Fortran (Ubuntu 13.3.0-6ubuntu2~24.04) 13.3.0 * running under: Ubuntu 24.04.1 LTS * using session charset: UTF-8 * checking for file ‘ptairMS/DESCRIPTION’ ... OK * this is package ‘ptairMS’ version ‘1.15.0’ * package encoding: UTF-8 * checking package namespace information ... OK * checking package dependencies ... INFO Imports includes 22 non-default packages. Importing from so many packages makes the package vulnerable to any of them becoming unavailable. Move as many as possible to Suggests and use conditionally. * checking if this is a source package ... OK * checking if there is a namespace ... OK * checking for hidden files and directories ... OK * checking for portable file names ... OK * checking for sufficient/correct file permissions ... OK * checking whether package ‘ptairMS’ can be installed ... WARNING Found the following significant warnings: Warning: replacing previous import ‘Biobase::cache’ by ‘bit64::cache’ when loading ‘ptairMS’ See ‘/home/biocbuild/bbs-3.21-bioc/meat/ptairMS.Rcheck/00install.out’ for details. * used C++ compiler: ‘g++ (Ubuntu 13.3.0-6ubuntu2~24.04) 13.3.0’ * checking installed package size ... OK * checking package directory ... OK * checking ‘build’ directory ... OK * checking DESCRIPTION meta-information ... OK * checking top-level files ... OK * checking for left-over files ... OK * checking index information ... OK * checking package subdirectories ... OK * checking code files for non-ASCII characters ... OK * checking R files for syntax errors ... OK * checking whether the package can be loaded ... OK * checking whether the package can be loaded with stated dependencies ... OK * checking whether the package can be unloaded cleanly ... OK * checking whether the namespace can be loaded with stated dependencies ... OK * checking whether the namespace can be unloaded cleanly ... OK * checking loading without being on the library search path ... OK * checking dependencies in R code ... WARNING '::' or ':::' imports not declared from: ‘htmlwidgets’ ‘plyr’ There are ::: calls to the package's namespace in its code. A package almost never needs to use ::: for its own objects: ‘getCalibrationInfo’ ‘getPeakList’ ‘getPeaksInfo’ ‘getTimeInfo’ ‘processFileTemporalNominalMass’ ‘tofToMz’ * checking S3 generic/method consistency ... OK * checking replacement functions ... OK * checking foreign function calls ... OK * checking R code for possible problems ... OK * checking Rd files ... OK * checking Rd metadata ... OK * checking Rd cross-references ... OK * checking for missing documentation entries ... OK * checking for code/documentation mismatches ... OK * checking Rd \usage sections ... OK * checking Rd contents ... OK * checking for unstated dependencies in examples ... OK * checking line endings in C/C++/Fortran sources/headers ... OK * checking compiled code ... NOTE Note: information on .o files is not available * checking files in ‘vignettes’ ... OK * checking examples ... OK Examples with CPU (user + system) or elapsed time > 5s user system elapsed detectPeak 82.320 0.581 82.903 writeEset 16.317 0.130 16.447 imputeMat 15.155 0.166 15.320 alignSamples 14.423 0.380 14.814 impute 13.747 0.062 13.810 getPeakList 13.483 0.125 13.609 annotation 12.858 0.233 13.097 convert_to_mzML 11.461 0.420 11.879 plot 11.053 0.053 11.106 plotRaw 10.987 0.084 11.070 plotTIC 10.944 0.074 11.018 rmPeakList 10.872 0.050 10.923 defineKnots 10.014 0.223 10.237 resetSampleMetadata 9.920 0.045 9.966 setSampleMetadata 9.885 0.068 9.953 plotCalib 9.816 0.040 9.861 plotFeatures 9.429 0.037 9.467 updatePtrSet 9.037 0.063 9.100 exportSampleMetada 8.984 0.093 9.078 importSampleMetadata 9.043 0.028 9.071 getFileNames 8.903 0.089 8.992 createPtrSet 8.820 0.124 8.953 getSampleMetadata 8.832 0.010 8.843 getDirectory 8.086 0.019 8.105 changeTimeLimits 7.910 0.113 8.022 * checking for unstated dependencies in ‘tests’ ... OK * checking tests ... Running ‘testthat.R’ OK * checking for unstated dependencies in vignettes ... OK * checking package vignettes ... OK * checking re-building of vignette outputs ... OK * checking PDF version of manual ... OK * DONE Status: 2 WARNINGs, 1 NOTE See ‘/home/biocbuild/bbs-3.21-bioc/meat/ptairMS.Rcheck/00check.log’ for details.