############################################################################## ############################################################################## ### ### Running command: ### ### /home/biocbuild/R/R/bin/R CMD build --keep-empty-dirs --no-resave-data snapcount ### ############################################################################## ############################################################################## * checking for file ‘snapcount/DESCRIPTION’ ... OK * preparing ‘snapcount’: * checking DESCRIPTION meta-information ... OK * installing the package to build vignettes * creating vignettes ... ERROR --- re-building ‘snapcount_vignette.Rmd’ using rmarkdown Quitting from lines 24-27 [vignetteSetup] (snapcount_vignette.Rmd) Error: processing vignette 'snapcount_vignette.Rmd' failed with diagnostics: package or namespace load failed for 'snapcount': .onLoad failed in loadNamespace() for 'snapcount', details: call: curl::curl_fetch_memory(url, handle = handle) error: Timeout was reached [snaptron.cs.jhu.edu]: Resolving timed out after 10001 milliseconds --- failed re-building ‘snapcount_vignette.Rmd’ SUMMARY: processing the following file failed: ‘snapcount_vignette.Rmd’ Error: Vignette re-building failed. Execution halted