############################################################################## ############################################################################## ### ### Running command: ### ### chmod a+r spoon -R && E:\biocbuild\bbs-3.21-bioc\R\bin\R.exe CMD build --keep-empty-dirs --no-resave-data spoon ### ############################################################################## ############################################################################## * checking for file 'spoon/DESCRIPTION' ... OK * preparing 'spoon': * checking DESCRIPTION meta-information ... OK * installing the package to build vignettes * creating vignettes ... ERROR --- re-building 'spoon.Rmd' using rmarkdown