##############################################################################
##############################################################################
###
### Running command:
###
###   /Library/Frameworks/R.framework/Resources/bin/R CMD build --keep-empty-dirs --no-resave-data DELocal
###
##############################################################################
##############################################################################


* checking for file ‘DELocal/DESCRIPTION’ ... OK
* preparing ‘DELocal’:
* checking DESCRIPTION meta-information ... OK
* installing the package to build vignettes
* creating vignettes ... ERROR
--- re-building ‘DELocal.Rmd’ using rmarkdown

Quitting from lines 78-85 [unnamed-chunk-5] (DELocal.Rmd)
Error: processing vignette 'DELocal.Rmd' failed with diagnostics:
biomaRt error: looks like we're connecting to incompatible version of BioMart.
--- failed re-building ‘DELocal.Rmd’

SUMMARY: processing the following file failed:
  ‘DELocal.Rmd’

Error: Vignette re-building failed.
Execution halted