##############################################################################
##############################################################################
###
### Running command:
###
###   /home/biocbuild/R/R/bin/R CMD check --install=check:DeepPINCS.install-out.txt --library=/home/biocbuild/R/R/site-library --no-vignettes --timings DeepPINCS_1.14.0.tar.gz
###
##############################################################################
##############################################################################


* using log directory ‘/home/biocbuild/bbs-3.20-bioc/meat/DeepPINCS.Rcheck’
* using R version 4.4.1 (2024-06-14)
* using platform: aarch64-unknown-linux-gnu
* R was compiled by
    gcc (GCC) 12.2.1 20220819 (openEuler 12.2.1-14)
    GNU Fortran (GCC) 10.3.1
* running under: openEuler 22.03 (LTS-SP1)
* using session charset: UTF-8
* using option ‘--no-vignettes’
* checking for file ‘DeepPINCS/DESCRIPTION’ ... OK
* checking extension type ... Package
* this is package ‘DeepPINCS’ version ‘1.14.0’
* checking package namespace information ... OK
* checking package dependencies ... OK
* checking if this is a source package ... OK
* checking if there is a namespace ... OK
* checking for hidden files and directories ... OK
* checking for portable file names ... OK
* checking for sufficient/correct file permissions ... OK
* checking whether package ‘DeepPINCS’ can be installed ... OK
* checking installed package size ... OK
* checking package directory ... OK
* checking ‘build’ directory ... OK
* checking DESCRIPTION meta-information ... OK
* checking top-level files ... OK
* checking for left-over files ... OK
* checking index information ... OK
* checking package subdirectories ... OK
* checking code files for non-ASCII characters ... OK
* checking R files for syntax errors ... OK
* checking whether the package can be loaded ... OK
* checking whether the package can be loaded with stated dependencies ... OK
* checking whether the package can be unloaded cleanly ... OK
* checking whether the namespace can be loaded with stated dependencies ... OK
* checking whether the namespace can be unloaded cleanly ... OK
* checking loading without being on the library search path ... OK
* checking dependencies in R code ... OK
* checking S3 generic/method consistency ... OK
* checking replacement functions ... OK
* checking foreign function calls ... OK
* checking R code for possible problems ... NOTE
fit_cpi: no visible binding for global variable ‘compound’
fit_cpi: no visible binding for global variable ‘compound_args’
fit_cpi: no visible binding for global variable ‘protein’
fit_cpi: no visible binding for global variable ‘protein_args’
fit_cpi: no visible binding for global variable ‘max_atoms’
gcn_in_out : initialize: no visible global function definition for
  ‘super’
gcn_in_out : call: no visible binding for global variable ‘self’
gcn_in_out : <anonymous>: no visible binding for global variable ‘self’
gcn_in_out: no visible binding for global variable ‘temp_units’
multiple_sampling_generator : <anonymous>: no visible binding for
  global variable ‘batch_start’
Undefined global functions or variables:
  batch_start compound compound_args max_atoms protein protein_args
  self super temp_units
* checking Rd files ... OK
* checking Rd metadata ... OK
* checking Rd cross-references ... OK
* checking for missing documentation entries ... OK
* checking for code/documentation mismatches ... OK
* checking Rd \usage sections ... OK
* checking Rd contents ... OK
* checking for unstated dependencies in examples ... OK
* checking contents of ‘data’ directory ... OK
* checking data for non-ASCII characters ... OK
* checking LazyData ... OK
* checking data for ASCII and uncompressed saves ... OK
* checking files in ‘vignettes’ ... OK
* checking examples ... ERROR
Running examples in ‘DeepPINCS-Ex.R’ failed
The error most likely occurred in:

> base::assign(".ptime", proc.time(), pos = "CheckExEnv")
> ### Name: get_canonical_smiles
> ### Title: Convert SMILES strings to canonical SMILES strings
> ### Aliases: get_canonical_smiles
> 
> ### ** Examples
> 
> get_canonical_smiles(example_cpi[1, 1])
Error: .onLoad failed in loadNamespace() for 'rJava', details:
  call: dyn.load(file, DLLpath = DLLpath, ...)
  error: unable to load shared object '/home/biocbuild/R/R-4.4.1/site-library/rJava/libs/rJava.so':
  libjvm.so: cannot open shared object file: No such file or directory
Execution halted
* checking for unstated dependencies in ‘tests’ ... OK
* checking tests ...
  Running ‘testthat.R’
 OK
* checking for unstated dependencies in vignettes ... OK
* checking package vignettes ... OK
* checking running R code from vignettes ... SKIPPED
* checking re-building of vignette outputs ... SKIPPED
* checking PDF version of manual ... OK
* DONE

Status: 1 ERROR, 1 NOTE
See
  ‘/home/biocbuild/bbs-3.20-bioc/meat/DeepPINCS.Rcheck/00check.log’
for details.