############################################################################## ############################################################################## ### ### Running command: ### ### /home/biocbuild/R/R/bin/R CMD build --keep-empty-dirs --no-resave-data DepecheR ### ############################################################################## ############################################################################## * checking for file ‘DepecheR/DESCRIPTION’ ... OK * preparing ‘DepecheR’: * checking DESCRIPTION meta-information ... OK * cleaning src * installing the package to build vignettes * creating vignettes ... ERROR --- re-building ‘DepecheR_test.Rmd’ using rmarkdown Could not fetch https://github.com/jtheorell/DepecheRVinjettePics/raw/master/Fig_1.png HttpExceptionRequest Request { host = "github.com" port = 443 secure = True requestHeaders = [] path = "/jtheorell/DepecheRVinjettePics/raw/master/Fig_1.png" queryString = "" method = "GET" proxy = Nothing rawBody = False redirectCount = 10 responseTimeout = ResponseTimeoutDefault requestVersion = HTTP/1.1 proxySecureMode = ProxySecureWithConnect } ConnectionTimeout Error: processing vignette 'DepecheR_test.Rmd' failed with diagnostics: pandoc document conversion failed with error 61 --- failed re-building ‘DepecheR_test.Rmd’ --- re-building ‘GroupProbPlot_usage.Rmd’ using rmarkdown --- finished re-building ‘GroupProbPlot_usage.Rmd’ SUMMARY: processing the following file failed: ‘DepecheR_test.Rmd’ Error: Vignette re-building failed. Execution halted