############################################################################## ############################################################################## ### ### Running command: ### ### /Library/Frameworks/R.framework/Resources/bin/R CMD check --install=check:ILoReg.install-out.txt --library=/Library/Frameworks/R.framework/Resources/library --no-vignettes --timings ILoReg_1.16.0.tar.gz ### ############################################################################## ############################################################################## * using log directory ‘/Users/biocbuild/bbs-3.20-bioc/meat/ILoReg.Rcheck’ * using R version 4.4.2 (2024-10-31) * using platform: x86_64-apple-darwin20 * R was compiled by Apple clang version 14.0.0 (clang-1400.0.29.202) GNU Fortran (GCC) 12.2.0 * running under: macOS Monterey 12.7.6 * using session charset: UTF-8 * using option ‘--no-vignettes’ * checking for file ‘ILoReg/DESCRIPTION’ ... OK * checking extension type ... Package * this is package ‘ILoReg’ version ‘1.16.0’ * package encoding: UTF-8 * checking package namespace information ... OK * checking package dependencies ... OK * checking if this is a source package ... OK * checking if there is a namespace ... OK * checking for hidden files and directories ... OK * checking for portable file names ... OK * checking for sufficient/correct file permissions ... OK * checking whether package ‘ILoReg’ can be installed ... WARNING Found the following significant warnings: Warning: replacing previous import ‘Matrix::det’ by ‘SparseM::det’ when loading ‘ILoReg’ See ‘/Users/biocbuild/bbs-3.20-bioc/meat/ILoReg.Rcheck/00install.out’ for details. * checking installed package size ... OK * checking package directory ... OK * checking ‘build’ directory ... OK * checking DESCRIPTION meta-information ... OK * checking top-level files ... OK * checking for left-over files ... OK * checking index information ... OK * checking package subdirectories ... OK * checking code files for non-ASCII characters ... OK * checking R files for syntax errors ... OK * checking whether the package can be loaded ... OK * checking whether the package can be loaded with stated dependencies ... OK * checking whether the package can be unloaded cleanly ... OK * checking whether the namespace can be loaded with stated dependencies ... OK * checking whether the namespace can be unloaded cleanly ... OK * checking dependencies in R code ... OK * checking S3 generic/method consistency ... OK * checking replacement functions ... OK * checking foreign function calls ... OK * checking R code for possible problems ... OK * checking Rd files ... OK * checking Rd metadata ... OK * checking Rd cross-references ... OK * checking for missing documentation entries ... OK * checking for code/documentation mismatches ... WARNING Codoc mismatches from Rd file 'FindAllGeneMarkers.Rd': FindAllGeneMarkers.SingleCellExperiment Code: function(object, clustering.type, test, log2fc.threshold, min.pct, min.diff.pct, min.cells.group, max.cells.per.cluster, return.thresh, only.pos) Docs: function(object, clustering.type, test, log2fc.threshold, min.pct, min.diff.pct, min.cells.group, max.cells.per.cluster, pseudocount.use, return.thresh, only.pos) Argument names in docs not in code: pseudocount.use Mismatches in argument names: Position: 9 Code: return.thresh Docs: pseudocount.use Position: 10 Code: only.pos Docs: return.thresh \S4method{FindAllGeneMarkers}{SingleCellExperiment} Code: function(object, clustering.type = "manual", test = "wilcox", log2fc.threshold = 0.25, min.pct = 0.1, min.diff.pct = NULL, min.cells.group = 3, max.cells.per.cluster = NULL, return.thresh = 0.01, only.pos = FALSE) Docs: function(object, clustering.type = "manual", test = "wilcox", log2fc.threshold = 0.25, min.pct = 0.1, min.diff.pct = NULL, min.cells.group = 3, max.cells.per.cluster = NULL, pseudocount.use = 1, return.thresh = 0.01, only.pos = FALSE) Argument names in docs not in code: pseudocount.use Mismatches in argument names: Position: 9 Code: return.thresh Docs: pseudocount.use Position: 10 Code: only.pos Docs: return.thresh Codoc mismatches from Rd file 'FindGeneMarkers.Rd': FindGeneMarkers.SingleCellExperiment Code: function(object, clusters.1, clusters.2, clustering.type, test, logfc.threshold, min.pct, min.diff.pct, min.cells.group, max.cells.per.cluster, return.thresh, only.pos) Docs: function(object, clusters.1, clusters.2, clustering.type, test, logfc.threshold, min.pct, min.diff.pct, min.cells.group, max.cells.per.cluster, pseudocount.use, return.thresh, only.pos) Argument names in docs not in code: pseudocount.use Mismatches in argument names: Position: 11 Code: return.thresh Docs: pseudocount.use Position: 12 Code: only.pos Docs: return.thresh \S4method{FindGeneMarkers}{SingleCellExperiment} Code: function(object, clusters.1 = NULL, clusters.2 = NULL, clustering.type = "", test = "wilcox", logfc.threshold = 0.25, min.pct = 0.1, min.diff.pct = NULL, min.cells.group = 3, max.cells.per.cluster = NULL, return.thresh = 0.01, only.pos = FALSE) Docs: function(object, clusters.1 = NULL, clusters.2 = NULL, clustering.type = "", test = "wilcox", logfc.threshold = 0.25, min.pct = 0.1, min.diff.pct = NULL, min.cells.group = 3, max.cells.per.cluster = NULL, pseudocount.use = 1, return.thresh = 0.01, only.pos = FALSE) Argument names in docs not in code: pseudocount.use Mismatches in argument names: Position: 11 Code: return.thresh Docs: pseudocount.use Position: 12 Code: only.pos Docs: return.thresh Codoc mismatches from Rd file 'RunICP.Rd': RunICP Code: function(normalized.data = NULL, k = 15, d = 0.3, r = 5, C = 5, reg.type = "L1", max.iter = 200, icp.batch.size = Inf) Docs: function(normalized.data = NULL, k = 15, d = 0.3, r = 5, C = 5, reg.type = "L1", max.iter = 200) Argument names in code not in docs: icp.batch.size Codoc mismatches from Rd file 'RunParallelICP.Rd': RunParallelICP.SingleCellExperiment Code: function(object, k, d, L, r, C, reg.type, max.iter, threads, icp.batch.size) Docs: function(object, k, d, L, r, C, reg.type, max.iter, threads) Argument names in code not in docs: icp.batch.size \S4method{RunParallelICP}{SingleCellExperiment} Code: function(object, k = 15, d = 0.3, L = 200, r = 5, C = 0.3, reg.type = "L1", max.iter = 200, threads = 0, icp.batch.size = Inf) Docs: function(object, k = 15, d = 0.3, L = 200, r = 5, C = 0.3, reg.type = "L1", max.iter = 200, threads = 0) Argument names in code not in docs: icp.batch.size * checking Rd \usage sections ... OK * checking Rd contents ... OK * checking for unstated dependencies in examples ... OK * checking contents of ‘data’ directory ... OK * checking data for non-ASCII characters ... OK * checking LazyData ... OK * checking data for ASCII and uncompressed saves ... OK * checking files in ‘vignettes’ ... OK * checking examples ... OK Examples with CPU (user + system) or elapsed time > 5s user system elapsed FindAllGeneMarkers 24.091 1.544 26.796 SelectTopGenes 22.254 1.395 26.197 GeneHeatmap 15.709 1.186 18.305 ClusteringScatterPlot 14.013 1.110 15.602 GeneScatterPlot 14.106 0.923 16.450 AnnotationScatterPlot 11.382 0.917 12.682 RunUMAP 11.038 0.962 12.623 FindGeneMarkers 10.939 1.030 12.531 RunTSNE 8.808 0.897 10.151 VlnPlot 7.940 0.915 9.926 CalcSilhInfo 7.963 0.838 8.894 SilhouetteCurve 7.593 0.989 9.185 MergeClusters 6.707 0.878 8.318 RenameAllClusters 6.737 0.822 8.027 RunPCA 6.552 0.856 7.788 PCAElbowPlot 6.213 0.773 7.593 HierarchicalClustering 6.099 0.814 7.376 SelectKClusters 6.005 0.861 7.422 RenameCluster 6.056 0.793 7.054 RunParallelICP 5.892 0.861 7.081 * checking for unstated dependencies in vignettes ... OK * checking package vignettes ... OK * checking running R code from vignettes ... SKIPPED * checking re-building of vignette outputs ... SKIPPED * checking PDF version of manual ... OK * DONE Status: 2 WARNINGs See ‘/Users/biocbuild/bbs-3.20-bioc/meat/ILoReg.Rcheck/00check.log’ for details.