############################################################################## ############################################################################## ### ### Running command: ### ### /Library/Frameworks/R.framework/Resources/bin/R CMD build --keep-empty-dirs --no-resave-data INSPEcT ### ############################################################################## ############################################################################## * checking for file ‘INSPEcT/DESCRIPTION’ ... OK * preparing ‘INSPEcT’: * checking DESCRIPTION meta-information ... OK * installing the package to build vignettes * creating vignettes ... ERROR --- re-building ‘INSPEcT.Rmd’ using rmarkdown 2025-02-04 01:57:48.717 R[52550:185285133] XType: Using static font registry. --- finished re-building ‘INSPEcT.Rmd’ --- re-building ‘INSPEcT_GUI.rmd’ using rmarkdown Error: processing vignette 'INSPEcT_GUI.rmd' failed with diagnostics: pandoc document conversion failed with error 10 --- failed re-building ‘INSPEcT_GUI.rmd’ SUMMARY: processing the following file failed: ‘INSPEcT_GUI.rmd’ Error: Vignette re-building failed. Execution halted